{"id":832,"date":"2024-03-26T18:55:47","date_gmt":"2024-03-26T21:55:47","guid":{"rendered":"https:\/\/salondelasmujeres.ar\/?page_id=832"},"modified":"2024-03-26T18:59:57","modified_gmt":"2024-03-26T21:59:57","slug":"carlos-jauregui","status":"publish","type":"page","link":"https:\/\/salondelasmujeres.ar\/?page_id=832","title":{"rendered":"Carlos J\u00e1uregui"},"content":{"rendered":"<p>[et_pb_section fb_built=\u00bb1&#8243; custom_padding_last_edited=\u00bboff|desktop\u00bb admin_label=\u00bbHeader\u00bb _builder_version=\u00bb4.16&#8243; background_color_gradient_direction=\u00bb188deg\u00bb background_image=\u00bbhttps:\/\/salondelasmujeres.ar\/wp-content\/uploads\/2024\/03\/art-gallery-55.jpg\u00bb background_size=\u00bbinitial\u00bb background_repeat=\u00bbrepeat\u00bb width=\u00bb100%\u00bb custom_padding_tablet=\u00bb5vw||5vw||true\u00bb global_colors_info=\u00bb{}\u00bb theme_builder_area=\u00bbpost_content\u00bb][et_pb_row custom_padding_last_edited=\u00bboff|phone\u00bb _builder_version=\u00bb4.16&#8243; background_position=\u00bbbottom_center\u00bb custom_padding_tablet=\u00bb17vw||17vw||false\u00bb use_custom_width=\u00bbon\u00bb width_unit=\u00bboff\u00bb custom_width_percent=\u00bb100%\u00bb locked=\u00bboff\u00bb global_colors_info=\u00bb{}\u00bb theme_builder_area=\u00bbpost_content\u00bb][et_pb_column type=\u00bb4_4&#8243; _builder_version=\u00bb4.16&#8243; custom_padding=\u00bb|||\u00bb global_colors_info=\u00bb{}\u00bb custom_padding__hover=\u00bb|||\u00bb theme_builder_area=\u00bbpost_content\u00bb][et_pb_text _builder_version=\u00bb4.24.2&#8243; text_font=\u00bb||||||||\u00bb header_font=\u00bb||||||||\u00bb header_2_font=\u00bbPrata|500|||||||\u00bb header_2_text_align=\u00bbleft\u00bb header_2_font_size=\u00bb56px\u00bb header_2_line_height=\u00bb1.3em\u00bb header_4_font=\u00bb|700|||||||\u00bb header_4_font_size=\u00bb16px\u00bb header_4_line_height=\u00bb1.2em\u00bb transform_translate_linked=\u00bboff\u00bb max_width=\u00bb700px\u00bb max_width_tablet=\u00bb70%\u00bb max_width_last_edited=\u00bboff|phone\u00bb hover_enabled=\u00bb0&#8243; header_2_font_size_tablet=\u00bb40px\u00bb header_2_font_size_phone=\u00bb26px\u00bb header_2_font_size_last_edited=\u00bbon|desktop\u00bb global_colors_info=\u00bb{}\u00bb theme_builder_area=\u00bbpost_content\u00bb sticky_enabled=\u00bb0&#8243;]<\/p>\n<h2>Carlos J\u00e1uregui<\/h2>\n<h4>Activista LGBT argentino, primer presidente de la Comunidad Homosexual Argentina (CHA) &#8211; La Plata, Argentina, 22 de septiembre de 1957 &#8211; Buenos Aires, Argentina, 20 de agosto de 1996<\/h4>\n<p>Carlos Luis J\u00e1uregui fue un influyente activista LGBT argentino, destacado por su papel como presidente de la Comunidad Homosexual Argentina (CHA) y su posterior fundaci\u00f3n de la asociaci\u00f3n Gays por los Derechos Civiles. Su legado se define por su incansable lucha por la igualdad y la inclusi\u00f3n, evidenciado en su impulso al primer proyecto de uni\u00f3n civil y su contribuci\u00f3n a la cl\u00e1usula antidiscriminatoria de la Constituci\u00f3n de la Ciudad de Buenos Aires. Adem\u00e1s, J\u00e1uregui fue un firme defensor de la visibilidad medi\u00e1tica de la comunidad LGBT, siendo autor del libro \u00abHomosexualidad en Argentina\u00bb y participando activamente en programas de televisi\u00f3n y en medios de comunicaci\u00f3n para promover el reconocimiento de los derechos LGBT.<\/p>\n<p>Trabajando incansablemente hasta sus \u00faltimos d\u00edas, J\u00e1uregui fue clave en la inclusi\u00f3n de la orientaci\u00f3n sexual como causal de discriminaci\u00f3n en la Constituci\u00f3n de la Ciudad de Buenos Aires, un logro trascendental en la lucha por los derechos civiles en Argentina. Su legado perdura en la memoria colectiva, con la designaci\u00f3n del D\u00eda del Activismo por la Diversidad Sexual en su honor y el nombramiento de la estaci\u00f3n de subterr\u00e1neo en Buenos Aires con su nombre, as\u00ed como en el impacto continuo de su obra y su activismo en la comunidad LGBT de Argentina.<\/p>\n<p>[\/et_pb_text][\/et_pb_column][\/et_pb_row][\/et_pb_section][et_pb_section fb_built=\u00bb1&#8243; custom_padding_last_edited=\u00bboff|desktop\u00bb admin_label=\u00bbWork\u00bb _builder_version=\u00bb4.16&#8243; background_color_gradient_direction=\u00bb188deg\u00bb background_image=\u00bbhttps:\/\/salondelasmujeres.ar\/wp-content\/uploads\/2024\/03\/art-gallery-55.jpg\u00bb background_size=\u00bbinitial\u00bb background_repeat=\u00bbrepeat\u00bb width=\u00bb100%\u00bb custom_padding_tablet=\u00bb5vw||5vw||true\u00bb global_colors_info=\u00bb{}\u00bb theme_builder_area=\u00bbpost_content\u00bb][et_pb_row custom_padding_last_edited=\u00bboff|phone\u00bb _builder_version=\u00bb4.16&#8243; background_position=\u00bbbottom_center\u00bb custom_padding_tablet=\u00bb17vw||17vw||false\u00bb use_custom_width=\u00bbon\u00bb width_unit=\u00bboff\u00bb custom_width_percent=\u00bb100%\u00bb locked=\u00bboff\u00bb global_colors_info=\u00bb{}\u00bb theme_builder_area=\u00bbpost_content\u00bb][et_pb_column type=\u00bb4_4&#8243; _builder_version=\u00bb4.16&#8243; custom_padding=\u00bb|||\u00bb global_colors_info=\u00bb{}\u00bb custom_padding__hover=\u00bb|||\u00bb theme_builder_area=\u00bbpost_content\u00bb][et_pb_text _builder_version=\u00bb4.24.2&#8243; text_font=\u00bb||||||||\u00bb header_font=\u00bb||||||||\u00bb header_2_font=\u00bbPrata|500|||||||\u00bb header_2_font_size=\u00bb56px\u00bb header_2_line_height=\u00bb1.3em\u00bb header_3_font=\u00bb|700||on|||||\u00bb header_3_text_color=\u00bbrgba(0,0,0,0.35)\u00bb header_3_font_size=\u00bb12px\u00bb header_3_letter_spacing=\u00bb5px\u00bb header_3_line_height=\u00bb2em\u00bb transform_translate_linked=\u00bboff\u00bb text_orientation=\u00bbcenter\u00bb max_width=\u00bb700px\u00bb max_width_tablet=\u00bb70%\u00bb max_width_last_edited=\u00bboff|phone\u00bb module_alignment=\u00bbcenter\u00bb header_2_font_size_tablet=\u00bb40px\u00bb header_2_font_size_phone=\u00bb26px\u00bb header_2_font_size_last_edited=\u00bbon|phone\u00bb header_3_font_size_phone=\u00bb10px\u00bb header_3_font_size_last_edited=\u00bboff|desktop\u00bb module_alignment_last_edited=\u00bboff|desktop\u00bb text_text_align=\u00bbcenter\u00bb global_colors_info=\u00bb{}\u00bb theme_builder_area=\u00bbpost_content\u00bb]<\/p>\n<h3>Un recorrido a trav\u00e9s de<\/h3>\n<h2>Im\u00e1genes y Momentos<\/h2>\n<p>[\/et_pb_text][\/et_pb_column][\/et_pb_row][et_pb_row column_structure=\u00bb1_3,1_3,1_3&#8243; _builder_version=\u00bb4.16&#8243; global_colors_info=\u00bb{}\u00bb theme_builder_area=\u00bbpost_content\u00bb][et_pb_column type=\u00bb1_3&#8243; _builder_version=\u00bb4.16&#8243; custom_padding=\u00bb|||\u00bb global_colors_info=\u00bb{}\u00bb custom_padding__hover=\u00bb|||\u00bb theme_builder_area=\u00bbpost_content\u00bb][et_pb_image src=\u00bbhttps:\/\/salondelasmujeres.ar\/wp-content\/uploads\/2024\/03\/Carlos-Jauregui_03.jpg\u00bb title_text=\u00bbCarlos J\u00e1uregui_03&#8243; align=\u00bbcenter\u00bb _builder_version=\u00bb4.24.2&#8243; hover_enabled=\u00bb0&#8243; global_colors_info=\u00bb{}\u00bb theme_builder_area=\u00bbpost_content\u00bb sticky_enabled=\u00bb0&#8243;][\/et_pb_image][et_pb_text ul_position=\u00bbinside\u00bb _builder_version=\u00bb4.24.2&#8243; text_font=\u00bb||||||||\u00bb ul_font=\u00bb||||||||\u00bb header_font=\u00bb|700|||||||\u00bb header_font_size=\u00bb20px\u00bb header_line_height=\u00bb1.3em\u00bb header_3_font=\u00bb|700|||||||\u00bb header_3_font_size=\u00bb14px\u00bb header_3_line_height=\u00bb1.3em\u00bb text_orientation=\u00bbcenter\u00bb hover_enabled=\u00bb0&#8243; text_text_align=\u00bbcenter\u00bb locked=\u00bboff\u00bb global_colors_info=\u00bb{}\u00bb theme_builder_area=\u00bbpost_content\u00bb sticky_enabled=\u00bb0&#8243;]<\/p>\n<h3>Carlos J\u00e1uregui<\/h3>\n<p>\u00abSeguiremos luchando por alcanzar una vida m\u00e1s digna, porque sin libertad sexual no existe libertad pol\u00edtica\u00bb.<\/p>\n<p>[\/et_pb_text][\/et_pb_column][et_pb_column type=\u00bb1_3&#8243; _builder_version=\u00bb4.16&#8243; custom_padding=\u00bb|||\u00bb global_colors_info=\u00bb{}\u00bb custom_padding__hover=\u00bb|||\u00bb theme_builder_area=\u00bbpost_content\u00bb][et_pb_image src=\u00bbhttps:\/\/salondelasmujeres.ar\/wp-content\/uploads\/2024\/03\/Carlos-Jauregui_02-A.jpg\u00bb title_text=\u00bbCarlos J\u00e1uregui_02 A\u00bb align=\u00bbcenter\u00bb _builder_version=\u00bb4.24.2&#8243; hover_enabled=\u00bb0&#8243; global_colors_info=\u00bb{}\u00bb theme_builder_area=\u00bbpost_content\u00bb sticky_enabled=\u00bb0&#8243;][\/et_pb_image][et_pb_text ul_position=\u00bbinside\u00bb _builder_version=\u00bb4.24.2&#8243; text_font=\u00bb||||||||\u00bb ul_font=\u00bb||||||||\u00bb header_font=\u00bb|700|||||||\u00bb header_font_size=\u00bb20px\u00bb header_line_height=\u00bb1.3em\u00bb header_3_font=\u00bb|700|||||||\u00bb header_3_font_size=\u00bb14px\u00bb header_3_line_height=\u00bb1.3em\u00bb text_orientation=\u00bbcenter\u00bb hover_enabled=\u00bb0&#8243; text_text_align=\u00bbcenter\u00bb locked=\u00bboff\u00bb global_colors_info=\u00bb{}\u00bb theme_builder_area=\u00bbpost_content\u00bb sticky_enabled=\u00bb0&#8243;]<\/p>\n<h3>Carlos J\u00e1uregui<\/h3>\n<p>Public\u00f3 el libro Homosexualidad en Argentina, dedicado a su pareja Pablo Azcona, sus compa\u00f1eros de activismo y a las Madres de Plaza de Mayo.<\/p>\n<p>[\/et_pb_text][\/et_pb_column][et_pb_column type=\u00bb1_3&#8243; _builder_version=\u00bb4.16&#8243; custom_padding=\u00bb|||\u00bb global_colors_info=\u00bb{}\u00bb custom_padding__hover=\u00bb|||\u00bb theme_builder_area=\u00bbpost_content\u00bb][et_pb_image src=\u00bbhttps:\/\/salondelasmujeres.ar\/wp-content\/uploads\/2024\/03\/Carlos-Jauregui_01.jpg\u00bb title_text=\u00bbCarlos J\u00e1uregui_01&#8243; align=\u00bbcenter\u00bb _builder_version=\u00bb4.24.2&#8243; hover_enabled=\u00bb0&#8243; global_colors_info=\u00bb{}\u00bb theme_builder_area=\u00bbpost_content\u00bb sticky_enabled=\u00bb0&#8243;][\/et_pb_image][et_pb_text ul_position=\u00bbinside\u00bb _builder_version=\u00bb4.24.2&#8243; text_font=\u00bb||||||||\u00bb ul_font=\u00bb||||||||\u00bb header_font=\u00bb|700|||||||\u00bb header_font_size=\u00bb20px\u00bb header_line_height=\u00bb1.3em\u00bb header_3_font=\u00bb|700|||||||\u00bb header_3_font_size=\u00bb14px\u00bb header_3_line_height=\u00bb1.3em\u00bb text_orientation=\u00bbcenter\u00bb hover_enabled=\u00bb0&#8243; text_text_align=\u00bbcenter\u00bb locked=\u00bboff\u00bb global_colors_info=\u00bb{}\u00bb theme_builder_area=\u00bbpost_content\u00bb sticky_enabled=\u00bb0&#8243;]<\/p>\n<h3>Carlos J\u00e1uregui<\/h3>\n<p>\u00abSi el hecho de ser homosexual afecta a quienes lo son es a causa de la falta de derechos, de la discriminaci\u00f3n y la marginaci\u00f3n a la que somos expuestos injustamente\u00bb.<\/p>\n<p>[\/et_pb_text][\/et_pb_column][\/et_pb_row][\/et_pb_section][et_pb_section fb_built=\u00bb1&#8243; admin_label=\u00bbResume\u00bb _builder_version=\u00bb4.16&#8243; background_image=\u00bbhttps:\/\/salondelasmujeres.ar\/wp-content\/uploads\/2024\/03\/art-gallery-55.jpg\u00bb background_size=\u00bbinitial\u00bb background_repeat=\u00bbrepeat\u00bb global_colors_info=\u00bb{}\u00bb theme_builder_area=\u00bbpost_content\u00bb][et_pb_row custom_padding_last_edited=\u00bboff|phone\u00bb _builder_version=\u00bb4.16&#8243; background_position=\u00bbbottom_center\u00bb custom_padding_tablet=\u00bb17vw||17vw||false\u00bb use_custom_width=\u00bbon\u00bb width_unit=\u00bboff\u00bb custom_width_percent=\u00bb100%\u00bb locked=\u00bboff\u00bb global_colors_info=\u00bb{}\u00bb theme_builder_area=\u00bbpost_content\u00bb][et_pb_column type=\u00bb4_4&#8243; _builder_version=\u00bb4.16&#8243; custom_padding=\u00bb|||\u00bb global_colors_info=\u00bb{}\u00bb custom_padding__hover=\u00bb|||\u00bb theme_builder_area=\u00bbpost_content\u00bb][et_pb_text _builder_version=\u00bb4.24.2&#8243; text_font=\u00bb||||||||\u00bb header_font=\u00bb||||||||\u00bb header_2_font=\u00bbPrata|500|||||||\u00bb header_2_font_size=\u00bb56px\u00bb header_2_line_height=\u00bb1.3em\u00bb header_3_font=\u00bb|700||on|||||\u00bb header_3_text_color=\u00bbrgba(0,0,0,0.35)\u00bb header_3_font_size=\u00bb12px\u00bb header_3_letter_spacing=\u00bb5px\u00bb header_3_line_height=\u00bb2em\u00bb transform_translate_linked=\u00bboff\u00bb max_width=\u00bb700px\u00bb max_width_tablet=\u00bb70%\u00bb max_width_last_edited=\u00bboff|phone\u00bb module_alignment=\u00bbleft\u00bb header_2_font_size_tablet=\u00bb40px\u00bb header_2_font_size_phone=\u00bb26px\u00bb header_2_font_size_last_edited=\u00bbon|phone\u00bb header_3_font_size_phone=\u00bb10px\u00bb header_3_font_size_last_edited=\u00bboff|desktop\u00bb module_alignment_last_edited=\u00bboff|desktop\u00bb global_colors_info=\u00bb{}\u00bb theme_builder_area=\u00bbpost_content\u00bb]<\/p>\n<h3>Biograf\u00eda<\/h3>\n<p>[\/et_pb_text][\/et_pb_column][\/et_pb_row][et_pb_row _builder_version=\u00bb4.16&#8243; global_colors_info=\u00bb{}\u00bb theme_builder_area=\u00bbpost_content\u00bb][et_pb_column type=\u00bb4_4&#8243; _builder_version=\u00bb4.16&#8243; custom_padding=\u00bb|||\u00bb global_colors_info=\u00bb{}\u00bb custom_padding__hover=\u00bb|||\u00bb theme_builder_area=\u00bbpost_content\u00bb][et_pb_text ul_position=\u00bbinside\u00bb _builder_version=\u00bb4.24.2&#8243; text_font=\u00bb||||||||\u00bb ul_font=\u00bb||||||||\u00bb header_font=\u00bb|700|||||||\u00bb header_font_size=\u00bb20px\u00bb header_line_height=\u00bb1.3em\u00bb header_3_font=\u00bb|700|||||||\u00bb header_3_font_size=\u00bb14px\u00bb header_3_line_height=\u00bb1.3em\u00bb header_4_font=\u00bb|700|||||||\u00bb header_4_font_size=\u00bb14px\u00bb header_4_line_height=\u00bb1.3em\u00bb hover_enabled=\u00bb0&#8243; locked=\u00bboff\u00bb global_colors_info=\u00bb{}\u00bb theme_builder_area=\u00bbpost_content\u00bb sticky_enabled=\u00bb0&#8243;]<\/p>\n<p>Carlos Luis J\u00e1uregui vino al mundo el 22 de septiembre de 1957 en la ciudad de La Plata, Argentina. Sus padres, Carlos Jos\u00e9 J\u00e1uregui, abogado, y Elsa Gu\u00e1s, maestra de colegio primario, le dieron la bienvenida junto a su hermano menor, Roberto J\u00e1uregui, quien m\u00e1s tarde tambi\u00e9n se destacar\u00eda en la lucha por los derechos LGBT como l\u00edder de la Fundaci\u00f3n Hu\u00e9sped, hasta su fallecimiento a causa del SIDA en 1994.<\/p>\n<p>La infancia de Carlos transcurri\u00f3 en un barrio habitado mayoritariamente por descendientes de italianos en La Plata. All\u00ed curs\u00f3 sus primeros a\u00f1os de educaci\u00f3n en el Colegio Arzobispal Jos\u00e9 Manuel Estrada. Desde temprana edad, Carlos mostr\u00f3 un inter\u00e9s particular por la historia, lo que lo llev\u00f3 a iniciar estudios en la Universidad Nacional de La Plata, donde se destac\u00f3 acad\u00e9micamente. Durante sus a\u00f1os universitarios, tambi\u00e9n comenz\u00f3 a explorar su identidad sexual y estableci\u00f3 su primer noviazgo con Mat\u00edas, una experiencia que influir\u00eda profundamente en su vida y su activismo futuro.<\/p>\n<p>J\u00e1uregui se gradu\u00f3 de la universidad con una licenciatura en historia en 1979, convirti\u00e9ndose luego en profesor de historia argentina en la misma instituci\u00f3n. Paralelamente, continu\u00f3 explorando su pasi\u00f3n por la historia medieval, realizando estudios de posgrado en Par\u00eds y viajando por Europa y Estados Unidos para enriquecer su formaci\u00f3n acad\u00e9mica.<\/p>\n<p>Fue en la d\u00e9cada de 1980 cuando Carlos J\u00e1uregui comenz\u00f3 a fusionar sus intereses acad\u00e9micos con su compromiso social y pol\u00edtico. Inspirado por su experiencia en la marcha del Orgullo Gay en Par\u00eds, decidi\u00f3 dedicarse al activismo LGBT en Argentina. En 1984, fue uno de los fundadores de la Comunidad Homosexual Argentina (CHA), convirti\u00e9ndose en su primer presidente. Desde esta posici\u00f3n, J\u00e1uregui lider\u00f3 numerosas iniciativas destinadas a promover la visibilidad y los derechos de la comunidad LGBT en un momento en que la discriminaci\u00f3n y la represi\u00f3n eran moneda corriente.<\/p>\n<p>Su activismo se caracteriz\u00f3 por la b\u00fasqueda constante de visibilidad medi\u00e1tica y la articulaci\u00f3n con otras organizaciones de derechos humanos. J\u00e1uregui entend\u00eda que la visibilidad era fundamental para combatir la discriminaci\u00f3n y la marginalizaci\u00f3n que enfrentaba la comunidad LGBT. A trav\u00e9s de su trabajo en la CHA, logr\u00f3 avances significativos, como la organizaci\u00f3n de la primera marcha del Orgullo Gay en Buenos Aires en 1992 y la promoci\u00f3n de proyectos legislativos para proteger los derechos de las personas LGBT.<\/p>\n<p>A lo largo de su vida, J\u00e1uregui enfrent\u00f3 desaf\u00edos personales, incluida la p\u00e9rdida de su pareja, Pablo Azcona, y la lucha por el reconocimiento legal de su relaci\u00f3n. Sin embargo, estos obst\u00e1culos no mermaron su determinaci\u00f3n ni su compromiso con la causa LGBT. Su liderazgo en el movimiento fue reconocido tanto a nivel nacional como internacional.<\/p>\n<p>Tr\u00e1gicamente, Carlos J\u00e1uregui falleci\u00f3 el 20 de agosto de 1996 a causa del SIDA, dejando un legado imborrable en la lucha por los derechos LGBT en Argentina y m\u00e1s all\u00e1. Su nombre contin\u00faa siendo sin\u00f3nimo de valent\u00eda, determinaci\u00f3n y compromiso con la justicia social. A trav\u00e9s de su ejemplo, inspira a las nuevas generaciones a continuar la lucha por la igualdad y la dignidad de todas las personas, independientemente de su orientaci\u00f3n sexual o identidad de g\u00e9nero. Su legado perdura en la memoria colectiva y en el coraz\u00f3n de aquellos que contin\u00faan la lucha por un mundo m\u00e1s justo e inclusivo.<\/p>\n<p>Carlos J\u00e1uregui no solo fue un destacado activista por los derechos LGBT en Argentina, sino tambi\u00e9n un prol\u00edfico escritor que plasm\u00f3 sus ideas y experiencias en varios libros. A lo largo de su vida, contribuy\u00f3 significativamente al movimiento LGBT a trav\u00e9s de sus obras literarias, las cuales abordaron temas relevantes para la comunidad y la sociedad en general. Algunos de los libros escritos por Carlos J\u00e1uregui incluyen:<\/p>\n<p>\u00abHomosexualidad en Argentina\u00bb: Publicado en 1987, este libro es una exploraci\u00f3n profunda de la situaci\u00f3n de la homosexualidad en Argentina en ese momento. J\u00e1uregui analiza diversos aspectos, desde la historia hasta la situaci\u00f3n legal y social, brindando una mirada completa sobre la realidad de las personas LGBT en el pa\u00eds. El libro es un testimonio de su compromiso con la visibilidad y la defensa de los derechos de la comunidad LGBT.<\/p>\n<p>\u00abAc\u00e1 estamos. Carlos J\u00e1uregui, sexualidad y pol\u00edtica en la Argentina\u00bb: Esta obra, publicada en un momento posterior, es una reflexi\u00f3n m\u00e1s personal de J\u00e1uregui sobre su vida, su activismo y su visi\u00f3n para el futuro de la Argentina en t\u00e9rminos de derechos LGBT. A trav\u00e9s de este libro, J\u00e1uregui comparte sus experiencias, pensamientos y convicciones, inspirando a otros a unirse a la lucha por la igualdad y la dignidad para todas las personas.<\/p>\n<p>Estas obras literarias no solo contribuyeron al conocimiento y la conciencia sobre los derechos LGBT en Argentina, sino que tambi\u00e9n sirvieron como herramientas para promover el cambio social y la aceptaci\u00f3n de la diversidad en la sociedad. El legado de Carlos J\u00e1uregui como escritor y activista contin\u00faa inspirando a las generaciones presentes y futuras a seguir luchando por un mundo m\u00e1s inclusivo y justo.<\/p>\n<p>&nbsp;<\/p>\n<p>&nbsp;<\/p>\n<p>[\/et_pb_text][\/et_pb_column][\/et_pb_row][\/et_pb_section]<\/p>\n","protected":false},"excerpt":{"rendered":"<p>Carlos J\u00e1uregui Activista LGBT argentino, primer presidente de la Comunidad Homosexual Argentina (CHA) &#8211; La Plata, Argentina, 22 de septiembre de 1957 &#8211; Buenos Aires, Argentina, 20 de agosto de 1996 Carlos Luis J\u00e1uregui fue un influyente activista LGBT argentino, destacado por su papel como presidente de la Comunidad Homosexual Argentina (CHA) y su posterior [&hellip;]<\/p>\n","protected":false},"author":1,"featured_media":0,"parent":0,"menu_order":0,"comment_status":"closed","ping_status":"closed","template":"","meta":{"_et_pb_use_builder":"on","_et_pb_old_content":"","_et_gb_content_width":"","footnotes":""},"class_list":["post-832","page","type-page","status-publish","hentry"],"_links":{"self":[{"href":"https:\/\/salondelasmujeres.ar\/index.php?rest_route=\/wp\/v2\/pages\/832","targetHints":{"allow":["GET"]}}],"collection":[{"href":"https:\/\/salondelasmujeres.ar\/index.php?rest_route=\/wp\/v2\/pages"}],"about":[{"href":"https:\/\/salondelasmujeres.ar\/index.php?rest_route=\/wp\/v2\/types\/page"}],"author":[{"embeddable":true,"href":"https:\/\/salondelasmujeres.ar\/index.php?rest_route=\/wp\/v2\/users\/1"}],"replies":[{"embeddable":true,"href":"https:\/\/salondelasmujeres.ar\/index.php?rest_route=%2Fwp%2Fv2%2Fcomments&post=832"}],"version-history":[{"count":6,"href":"https:\/\/salondelasmujeres.ar\/index.php?rest_route=\/wp\/v2\/pages\/832\/revisions"}],"predecessor-version":[{"id":845,"href":"https:\/\/salondelasmujeres.ar\/index.php?rest_route=\/wp\/v2\/pages\/832\/revisions\/845"}],"wp:attachment":[{"href":"https:\/\/salondelasmujeres.ar\/index.php?rest_route=%2Fwp%2Fv2%2Fmedia&parent=832"}],"curies":[{"name":"wp","href":"https:\/\/api.w.org\/{rel}","templated":true}]}}