{"id":467,"date":"2024-03-22T02:18:08","date_gmt":"2024-03-22T05:18:08","guid":{"rendered":"https:\/\/salondelasmujeres.ar\/?page_id=467"},"modified":"2024-03-22T02:47:36","modified_gmt":"2024-03-22T05:47:36","slug":"tita-merello","status":"publish","type":"page","link":"https:\/\/salondelasmujeres.ar\/?page_id=467","title":{"rendered":"Tita Merello"},"content":{"rendered":"<p>[et_pb_section fb_built=\u00bb1&#8243; custom_padding_last_edited=\u00bboff|desktop\u00bb admin_label=\u00bbHeader\u00bb _builder_version=\u00bb4.16&#8243; background_color_gradient_direction=\u00bb188deg\u00bb background_image=\u00bbhttps:\/\/salondelasmujeres.ar\/wp-content\/uploads\/2024\/03\/art-gallery-55.jpg\u00bb background_size=\u00bbinitial\u00bb background_repeat=\u00bbrepeat\u00bb width=\u00bb100%\u00bb custom_padding_tablet=\u00bb5vw||5vw||true\u00bb global_colors_info=\u00bb{}\u00bb theme_builder_area=\u00bbpost_content\u00bb][et_pb_row custom_padding_last_edited=\u00bboff|phone\u00bb _builder_version=\u00bb4.16&#8243; background_position=\u00bbbottom_center\u00bb custom_padding_tablet=\u00bb17vw||17vw||false\u00bb use_custom_width=\u00bbon\u00bb width_unit=\u00bboff\u00bb custom_width_percent=\u00bb100%\u00bb locked=\u00bboff\u00bb global_colors_info=\u00bb{}\u00bb theme_builder_area=\u00bbpost_content\u00bb][et_pb_column type=\u00bb4_4&#8243; _builder_version=\u00bb4.16&#8243; custom_padding=\u00bb|||\u00bb global_colors_info=\u00bb{}\u00bb custom_padding__hover=\u00bb|||\u00bb theme_builder_area=\u00bbpost_content\u00bb][et_pb_text _builder_version=\u00bb4.24.2&#8243; text_font=\u00bb||||||||\u00bb header_font=\u00bb||||||||\u00bb header_2_font=\u00bbPrata|500|||||||\u00bb header_2_text_align=\u00bbleft\u00bb header_2_font_size=\u00bb56px\u00bb header_2_line_height=\u00bb1.3em\u00bb header_4_font=\u00bb|700|||||||\u00bb header_4_font_size=\u00bb16px\u00bb header_4_line_height=\u00bb1.2em\u00bb transform_translate_linked=\u00bboff\u00bb max_width=\u00bb700px\u00bb max_width_tablet=\u00bb70%\u00bb max_width_last_edited=\u00bboff|phone\u00bb hover_enabled=\u00bb0&#8243; header_2_font_size_tablet=\u00bb40px\u00bb header_2_font_size_phone=\u00bb26px\u00bb header_2_font_size_last_edited=\u00bbon|desktop\u00bb global_colors_info=\u00bb{}\u00bb theme_builder_area=\u00bbpost_content\u00bb sticky_enabled=\u00bb0&#8243;]<\/p>\n<h2>Tita Merello<\/h2>\n<h4>Actriz, vedette y cantante de tango y milonga &#8211; Buenos Aires, Argentina 11 de octubre de 1904 \u200b- Buenos Aires, Argentina, 24 de diciembre de 2002<\/h4>\n<p>Tita Merello, nacida como Laura Ana Merello en San Telmo, Buenos Aires, el 11 de octubre de 1904, fue una ic\u00f3nica actriz, vedette y cantante argentina del tango y la milonga. Reconocida como una de las pioneras en la modalidad vocal femenina del tango en la d\u00e9cada de 1920, alcanz\u00f3 la fama por sus interpretaciones de temas como \u00abSe dice de m\u00ed\u00bb y \u00abLa milonga y yo\u00bb.<\/p>\n<p>En el \u00e1mbito cinematogr\u00e1fico, debut\u00f3 en el primer filme sonoro argentino, \u00a1Tango!, junto a Libertad Lamarque. A lo largo de los a\u00f1os 30, consolid\u00f3 su carrera con pel\u00edculas como La fuga (1937). Junto a Luis Sandrini, incursion\u00f3 en el cine mexicano en los a\u00f1os 40, destac\u00e1ndose en Cinco rostros de mujer, por la cual recibi\u00f3 el premio Ariel. En los a\u00f1os 50, vivi\u00f3 su apogeo con filmes como Los isleros (1951) y Mercado de Abasto (1955).<\/p>\n<p>El golpe de Estado contra el gobierno de Per\u00f3n la llev\u00f3 al exilio en M\u00e9xico, pero regres\u00f3 en los a\u00f1os 60 para continuar su carrera, mayormente bajo la direcci\u00f3n de Enrique Carreras. Su participaci\u00f3n en La Madre Mar\u00eda (1974) la elogi\u00f3 la cr\u00edtica y le proporcion\u00f3 una renovada popularidad. Se retir\u00f3 en 1985, pero continu\u00f3 activa en apariciones p\u00fablicas y en medios de comunicaci\u00f3n, recibiendo distinciones como Ciudadana Ilustre de Buenos Aires en 1990 y el premio Podest\u00e1 a la Trayectoria en 1991. Falleci\u00f3 a los 98 a\u00f1os en la Nochebuena de 2002, dejando un legado de treinta y tres pel\u00edculas, veinte obras teatrales y numerosas participaciones en radio y televisi\u00f3n.<\/p>\n<p>[\/et_pb_text][\/et_pb_column][\/et_pb_row][\/et_pb_section][et_pb_section fb_built=\u00bb1&#8243; custom_padding_last_edited=\u00bboff|desktop\u00bb admin_label=\u00bbWork\u00bb _builder_version=\u00bb4.16&#8243; background_color_gradient_direction=\u00bb188deg\u00bb background_image=\u00bbhttps:\/\/salondelasmujeres.ar\/wp-content\/uploads\/2024\/03\/art-gallery-55.jpg\u00bb background_size=\u00bbinitial\u00bb background_repeat=\u00bbrepeat\u00bb width=\u00bb100%\u00bb custom_padding_tablet=\u00bb5vw||5vw||true\u00bb global_colors_info=\u00bb{}\u00bb theme_builder_area=\u00bbpost_content\u00bb][et_pb_row custom_padding_last_edited=\u00bboff|phone\u00bb _builder_version=\u00bb4.16&#8243; background_position=\u00bbbottom_center\u00bb custom_padding_tablet=\u00bb17vw||17vw||false\u00bb use_custom_width=\u00bbon\u00bb width_unit=\u00bboff\u00bb custom_width_percent=\u00bb100%\u00bb locked=\u00bboff\u00bb global_colors_info=\u00bb{}\u00bb theme_builder_area=\u00bbpost_content\u00bb][et_pb_column type=\u00bb4_4&#8243; _builder_version=\u00bb4.16&#8243; custom_padding=\u00bb|||\u00bb global_colors_info=\u00bb{}\u00bb custom_padding__hover=\u00bb|||\u00bb theme_builder_area=\u00bbpost_content\u00bb][et_pb_text _builder_version=\u00bb4.24.2&#8243; text_font=\u00bb||||||||\u00bb header_font=\u00bb||||||||\u00bb header_2_font=\u00bbPrata|500|||||||\u00bb header_2_font_size=\u00bb56px\u00bb header_2_line_height=\u00bb1.3em\u00bb header_3_font=\u00bb|700||on|||||\u00bb header_3_text_color=\u00bbrgba(0,0,0,0.35)\u00bb header_3_font_size=\u00bb12px\u00bb header_3_letter_spacing=\u00bb5px\u00bb header_3_line_height=\u00bb2em\u00bb transform_translate_linked=\u00bboff\u00bb text_orientation=\u00bbcenter\u00bb max_width=\u00bb700px\u00bb max_width_tablet=\u00bb70%\u00bb max_width_last_edited=\u00bboff|phone\u00bb module_alignment=\u00bbcenter\u00bb header_2_font_size_tablet=\u00bb40px\u00bb header_2_font_size_phone=\u00bb26px\u00bb header_2_font_size_last_edited=\u00bbon|phone\u00bb header_3_font_size_phone=\u00bb10px\u00bb header_3_font_size_last_edited=\u00bboff|desktop\u00bb module_alignment_last_edited=\u00bboff|desktop\u00bb text_text_align=\u00bbcenter\u00bb global_colors_info=\u00bb{}\u00bb theme_builder_area=\u00bbpost_content\u00bb]<\/p>\n<h3>Un recorrido a trav\u00e9s de<\/h3>\n<h2>Im\u00e1genes y Momentos<\/h2>\n<p>[\/et_pb_text][\/et_pb_column][\/et_pb_row][et_pb_row column_structure=\u00bb1_3,1_3,1_3&#8243; _builder_version=\u00bb4.16&#8243; global_colors_info=\u00bb{}\u00bb theme_builder_area=\u00bbpost_content\u00bb][et_pb_column type=\u00bb1_3&#8243; _builder_version=\u00bb4.16&#8243; custom_padding=\u00bb|||\u00bb global_colors_info=\u00bb{}\u00bb custom_padding__hover=\u00bb|||\u00bb theme_builder_area=\u00bbpost_content\u00bb][et_pb_image src=\u00bbhttps:\/\/salondelasmujeres.ar\/wp-content\/uploads\/2024\/03\/Tita-Merello_05.jpg\u00bb title_text=\u00bbTita Merello_05&#8243; align=\u00bbcenter\u00bb _builder_version=\u00bb4.24.2&#8243; hover_enabled=\u00bb0&#8243; global_colors_info=\u00bb{}\u00bb theme_builder_area=\u00bbpost_content\u00bb sticky_enabled=\u00bb0&#8243;][\/et_pb_image][et_pb_text ul_position=\u00bbinside\u00bb _builder_version=\u00bb4.24.2&#8243; text_font=\u00bb||||||||\u00bb ul_font=\u00bb||||||||\u00bb header_font=\u00bb|700|||||||\u00bb header_font_size=\u00bb20px\u00bb header_line_height=\u00bb1.3em\u00bb header_3_font=\u00bb|700|||||||\u00bb header_3_font_size=\u00bb14px\u00bb header_3_line_height=\u00bb1.3em\u00bb text_orientation=\u00bbcenter\u00bb hover_enabled=\u00bb0&#8243; text_text_align=\u00bbcenter\u00bb locked=\u00bboff\u00bb global_colors_info=\u00bb{}\u00bb theme_builder_area=\u00bbpost_content\u00bb sticky_enabled=\u00bb0&#8243;]<\/p>\n<h3>Tita Merello y Santiago Arrieta<\/h3>\n<p>En la pel\u00edcula La fuga (1937).<\/p>\n<p>[\/et_pb_text][\/et_pb_column][et_pb_column type=\u00bb1_3&#8243; _builder_version=\u00bb4.16&#8243; custom_padding=\u00bb|||\u00bb global_colors_info=\u00bb{}\u00bb custom_padding__hover=\u00bb|||\u00bb theme_builder_area=\u00bbpost_content\u00bb][et_pb_image src=\u00bbhttps:\/\/salondelasmujeres.ar\/wp-content\/uploads\/2024\/03\/Tita-Merello_02.jpg\u00bb title_text=\u00bbTita Merello_02&#8243; align=\u00bbcenter\u00bb _builder_version=\u00bb4.24.2&#8243; hover_enabled=\u00bb0&#8243; global_colors_info=\u00bb{}\u00bb theme_builder_area=\u00bbpost_content\u00bb sticky_enabled=\u00bb0&#8243;][\/et_pb_image][et_pb_text ul_position=\u00bbinside\u00bb _builder_version=\u00bb4.24.2&#8243; text_font=\u00bb||||||||\u00bb ul_font=\u00bb||||||||\u00bb header_font=\u00bb|700|||||||\u00bb header_font_size=\u00bb20px\u00bb header_line_height=\u00bb1.3em\u00bb header_3_font=\u00bb|700|||||||\u00bb header_3_font_size=\u00bb14px\u00bb header_3_line_height=\u00bb1.3em\u00bb text_orientation=\u00bbcenter\u00bb hover_enabled=\u00bb0&#8243; text_text_align=\u00bbcenter\u00bb locked=\u00bboff\u00bb global_colors_info=\u00bb{}\u00bb theme_builder_area=\u00bbpost_content\u00bb sticky_enabled=\u00bb0&#8243;]<\/p>\n<h3>Tita Merello<\/h3>\n<p>\u00abYo soy un cacho de Buenos Aires\u00bb.<\/p>\n<p>[\/et_pb_text][\/et_pb_column][et_pb_column type=\u00bb1_3&#8243; _builder_version=\u00bb4.16&#8243; custom_padding=\u00bb|||\u00bb global_colors_info=\u00bb{}\u00bb custom_padding__hover=\u00bb|||\u00bb theme_builder_area=\u00bbpost_content\u00bb][et_pb_image src=\u00bbhttps:\/\/salondelasmujeres.ar\/wp-content\/uploads\/2024\/03\/Tita-Merello_01.jpg\u00bb title_text=\u00bbTita Merello_01&#8243; align=\u00bbcenter\u00bb _builder_version=\u00bb4.24.2&#8243; hover_enabled=\u00bb0&#8243; global_colors_info=\u00bb{}\u00bb theme_builder_area=\u00bbpost_content\u00bb sticky_enabled=\u00bb0&#8243;][\/et_pb_image][et_pb_text ul_position=\u00bbinside\u00bb _builder_version=\u00bb4.24.2&#8243; text_font=\u00bb||||||||\u00bb ul_font=\u00bb||||||||\u00bb header_font=\u00bb|700|||||||\u00bb header_font_size=\u00bb20px\u00bb header_line_height=\u00bb1.3em\u00bb header_3_font=\u00bb|700|||||||\u00bb header_3_font_size=\u00bb14px\u00bb header_3_line_height=\u00bb1.3em\u00bb text_orientation=\u00bbcenter\u00bb hover_enabled=\u00bb0&#8243; text_text_align=\u00bbcenter\u00bb locked=\u00bboff\u00bb global_colors_info=\u00bb{}\u00bb theme_builder_area=\u00bbpost_content\u00bb sticky_enabled=\u00bb0&#8243;]<\/p>\n<h3>Tita Merello<\/h3>\n<p>\u201cLa vida es un espect\u00e1culo, cada cual ve lo que quiere.\u201d<\/p>\n<p>[\/et_pb_text][\/et_pb_column][\/et_pb_row][et_pb_row column_structure=\u00bb1_3,1_3,1_3&#8243; _builder_version=\u00bb4.16&#8243; global_colors_info=\u00bb{}\u00bb theme_builder_area=\u00bbpost_content\u00bb][et_pb_column type=\u00bb1_3&#8243; _builder_version=\u00bb4.16&#8243; custom_padding=\u00bb|||\u00bb global_colors_info=\u00bb{}\u00bb custom_padding__hover=\u00bb|||\u00bb theme_builder_area=\u00bbpost_content\u00bb][et_pb_image src=\u00bbhttps:\/\/salondelasmujeres.ar\/wp-content\/uploads\/2024\/03\/Tita-Merello_06.jpg\u00bb title_text=\u00bbTita Merello_06&#8243; align=\u00bbcenter\u00bb _builder_version=\u00bb4.24.2&#8243; hover_enabled=\u00bb0&#8243; global_colors_info=\u00bb{}\u00bb theme_builder_area=\u00bbpost_content\u00bb sticky_enabled=\u00bb0&#8243;][\/et_pb_image][et_pb_text ul_position=\u00bbinside\u00bb _builder_version=\u00bb4.24.2&#8243; text_font=\u00bb||||||||\u00bb ul_font=\u00bb||||||||\u00bb header_font=\u00bb|700|||||||\u00bb header_font_size=\u00bb20px\u00bb header_line_height=\u00bb1.3em\u00bb header_3_font=\u00bb|700|||||||\u00bb header_3_font_size=\u00bb14px\u00bb header_3_line_height=\u00bb1.3em\u00bb text_orientation=\u00bbcenter\u00bb hover_enabled=\u00bb0&#8243; text_text_align=\u00bbcenter\u00bb locked=\u00bboff\u00bb global_colors_info=\u00bb{}\u00bb theme_builder_area=\u00bbpost_content\u00bb sticky_enabled=\u00bb0&#8243;]<\/p>\n<h3>Tita Merello<\/h3>\n<p>\u201cSoy una tremenda pecadora, porque fui una buscadora de amor. No me daba cuenta de que el amor no se busca, se encuentra.\u201d<\/p>\n<p>[\/et_pb_text][\/et_pb_column][et_pb_column type=\u00bb1_3&#8243; _builder_version=\u00bb4.16&#8243; custom_padding=\u00bb|||\u00bb global_colors_info=\u00bb{}\u00bb custom_padding__hover=\u00bb|||\u00bb theme_builder_area=\u00bbpost_content\u00bb][et_pb_image src=\u00bbhttps:\/\/salondelasmujeres.ar\/wp-content\/uploads\/2024\/03\/Tita-Merello_03.jpg\u00bb title_text=\u00bbTita Merello_03&#8243; align=\u00bbcenter\u00bb _builder_version=\u00bb4.24.2&#8243; hover_enabled=\u00bb0&#8243; global_colors_info=\u00bb{}\u00bb theme_builder_area=\u00bbpost_content\u00bb sticky_enabled=\u00bb0&#8243;][\/et_pb_image][et_pb_text ul_position=\u00bbinside\u00bb _builder_version=\u00bb4.24.2&#8243; text_font=\u00bb||||||||\u00bb ul_font=\u00bb||||||||\u00bb header_font=\u00bb|700|||||||\u00bb header_font_size=\u00bb20px\u00bb header_line_height=\u00bb1.3em\u00bb header_3_font=\u00bb|700|||||||\u00bb header_3_font_size=\u00bb14px\u00bb header_3_line_height=\u00bb1.3em\u00bb text_orientation=\u00bbcenter\u00bb hover_enabled=\u00bb0&#8243; text_text_align=\u00bbcenter\u00bb locked=\u00bboff\u00bb global_colors_info=\u00bb{}\u00bb theme_builder_area=\u00bbpost_content\u00bb sticky_enabled=\u00bb0&#8243;]<\/p>\n<h3>Tita Merello<\/h3>\n<p>A\u00f1o 1952.<\/p>\n<p>[\/et_pb_text][\/et_pb_column][et_pb_column type=\u00bb1_3&#8243; _builder_version=\u00bb4.16&#8243; custom_padding=\u00bb|||\u00bb global_colors_info=\u00bb{}\u00bb custom_padding__hover=\u00bb|||\u00bb theme_builder_area=\u00bbpost_content\u00bb][et_pb_image src=\u00bbhttps:\/\/salondelasmujeres.ar\/wp-content\/uploads\/2024\/03\/Tita-Merello_04.jpg\u00bb title_text=\u00bbTita Merello_04&#8243; align=\u00bbcenter\u00bb _builder_version=\u00bb4.24.2&#8243; hover_enabled=\u00bb0&#8243; global_colors_info=\u00bb{}\u00bb theme_builder_area=\u00bbpost_content\u00bb sticky_enabled=\u00bb0&#8243;][\/et_pb_image][et_pb_text ul_position=\u00bbinside\u00bb _builder_version=\u00bb4.24.2&#8243; text_font=\u00bb||||||||\u00bb ul_font=\u00bb||||||||\u00bb header_font=\u00bb|700|||||||\u00bb header_font_size=\u00bb20px\u00bb header_line_height=\u00bb1.3em\u00bb header_3_font=\u00bb|700|||||||\u00bb header_3_font_size=\u00bb14px\u00bb header_3_line_height=\u00bb1.3em\u00bb text_orientation=\u00bbcenter\u00bb hover_enabled=\u00bb0&#8243; text_text_align=\u00bbcenter\u00bb locked=\u00bboff\u00bb global_colors_info=\u00bb{}\u00bb theme_builder_area=\u00bbpost_content\u00bb sticky_enabled=\u00bb0&#8243;]<\/p>\n<h3>Tita Merello<\/h3>\n<p>\u00a0Retratada con su perro Corbata hacia fines de los a\u00f1os 1970.<\/p>\n<p>[\/et_pb_text][\/et_pb_column][\/et_pb_row][\/et_pb_section][et_pb_section fb_built=\u00bb1&#8243; admin_label=\u00bbResume\u00bb _builder_version=\u00bb4.16&#8243; background_image=\u00bbhttps:\/\/salondelasmujeres.ar\/wp-content\/uploads\/2024\/03\/art-gallery-55.jpg\u00bb background_size=\u00bbinitial\u00bb background_repeat=\u00bbrepeat\u00bb global_colors_info=\u00bb{}\u00bb theme_builder_area=\u00bbpost_content\u00bb][et_pb_row custom_padding_last_edited=\u00bboff|phone\u00bb _builder_version=\u00bb4.16&#8243; background_position=\u00bbbottom_center\u00bb custom_padding_tablet=\u00bb17vw||17vw||false\u00bb use_custom_width=\u00bbon\u00bb width_unit=\u00bboff\u00bb custom_width_percent=\u00bb100%\u00bb locked=\u00bboff\u00bb global_colors_info=\u00bb{}\u00bb theme_builder_area=\u00bbpost_content\u00bb][et_pb_column type=\u00bb4_4&#8243; _builder_version=\u00bb4.16&#8243; custom_padding=\u00bb|||\u00bb global_colors_info=\u00bb{}\u00bb custom_padding__hover=\u00bb|||\u00bb theme_builder_area=\u00bbpost_content\u00bb][et_pb_text _builder_version=\u00bb4.24.2&#8243; text_font=\u00bb||||||||\u00bb header_font=\u00bb||||||||\u00bb header_2_font=\u00bbPrata|500|||||||\u00bb header_2_font_size=\u00bb56px\u00bb header_2_line_height=\u00bb1.3em\u00bb header_3_font=\u00bb|700||on|||||\u00bb header_3_text_color=\u00bbrgba(0,0,0,0.35)\u00bb header_3_font_size=\u00bb12px\u00bb header_3_letter_spacing=\u00bb5px\u00bb header_3_line_height=\u00bb2em\u00bb transform_translate_linked=\u00bboff\u00bb max_width=\u00bb700px\u00bb max_width_tablet=\u00bb70%\u00bb max_width_last_edited=\u00bboff|phone\u00bb module_alignment=\u00bbleft\u00bb header_2_font_size_tablet=\u00bb40px\u00bb header_2_font_size_phone=\u00bb26px\u00bb header_2_font_size_last_edited=\u00bbon|phone\u00bb header_3_font_size_phone=\u00bb10px\u00bb header_3_font_size_last_edited=\u00bboff|desktop\u00bb module_alignment_last_edited=\u00bboff|desktop\u00bb global_colors_info=\u00bb{}\u00bb theme_builder_area=\u00bbpost_content\u00bb]<\/p>\n<h3>Biograf\u00eda<\/h3>\n<p>[\/et_pb_text][\/et_pb_column][\/et_pb_row][et_pb_row _builder_version=\u00bb4.16&#8243; global_colors_info=\u00bb{}\u00bb theme_builder_area=\u00bbpost_content\u00bb][et_pb_column type=\u00bb4_4&#8243; _builder_version=\u00bb4.16&#8243; custom_padding=\u00bb|||\u00bb global_colors_info=\u00bb{}\u00bb custom_padding__hover=\u00bb|||\u00bb theme_builder_area=\u00bbpost_content\u00bb][et_pb_text ul_position=\u00bbinside\u00bb _builder_version=\u00bb4.24.2&#8243; text_font=\u00bb||||||||\u00bb ul_font=\u00bb||||||||\u00bb header_font=\u00bb|700|||||||\u00bb header_font_size=\u00bb20px\u00bb header_line_height=\u00bb1.3em\u00bb header_3_font=\u00bb|700|||||||\u00bb header_3_font_size=\u00bb14px\u00bb header_3_line_height=\u00bb1.3em\u00bb header_4_font=\u00bb|700|||||||\u00bb header_4_font_size=\u00bb14px\u00bb header_4_line_height=\u00bb1.3em\u00bb hover_enabled=\u00bb0&#8243; locked=\u00bboff\u00bb global_colors_info=\u00bb{}\u00bb theme_builder_area=\u00bbpost_content\u00bb sticky_enabled=\u00bb0&#8243;]<\/p>\n<p><span>Tita Merello naci\u00f3 en 1904 en San Telmo, Buenos Aires, en una familia pobre. Tras la muerte de su padre, vivi\u00f3 una infancia marcada por la adversidad y la falta de afecto. Trabaj\u00f3 desde joven en diversos oficios, incluso en el campo, antes de establecerse con su madre y su medio hermano en Buenos Aires. A pesar de no recibir educaci\u00f3n formal, se destac\u00f3 en los ambientes marginales de la ciudad, construyendo una exitosa carrera en el mundo del tango y el cine argentino, sin haber pasado por conservatorios ni escuelas de arte esc\u00e9nico. Su talento y voluntad la llevaron desde los bares del bajo porte\u00f1o hasta el estrellato en la escena nacional.<\/span><\/p>\n<p>Tita Merello inici\u00f3 su carrera en el mundo del espect\u00e1culo como corista en el Teatro Avenida en 1917, cuando apenas ten\u00eda 13 a\u00f1os. Sin embargo, su debut en la obra \u00abLas v\u00edrgenes de Teres\u00bb en 1920 no fue bien recibido por el p\u00fablico, experimentando silbidos y abucheos. A pesar de este rev\u00e9s, Merello persever\u00f3 y continu\u00f3 actuando en diversos lugares, como el Teatro Porte\u00f1o y las cafeter\u00edas de la Avenida de Mayo, donde empez\u00f3 a ganar popularidad por su interpretaci\u00f3n del tango \u00abTitina\u00bb.<\/p>\n<p>Aunque carec\u00eda de educaci\u00f3n formal, Merello aprendi\u00f3 a leer por su cuenta y desarroll\u00f3 su talento art\u00edstico. En 1923, se convirti\u00f3 en vedette en el Teatro Maipo, donde cant\u00f3 su primer tango, \u00abTrago amargo\u00bb. A partir de entonces, su carrera empez\u00f3 a despegar, y durante su tiempo en el Maipo, comparti\u00f3 escenario con destacados c\u00f3micos como Pepe Arias y Luis Arata.<\/p>\n<p>Su incursi\u00f3n en el \u00e1mbito discogr\u00e1fico comenz\u00f3 en 1927, cuando grab\u00f3 varios temas para diferentes sellos. A lo largo de su carrera, no solo demostr\u00f3 su habilidad como actriz, sino que tambi\u00e9n incursion\u00f3 en la composici\u00f3n de tangos, creando piezas como \u00abLlamarada pasional\u00bb.<\/p>\n<p>En 1933, Merello hizo su debut cinematogr\u00e1fico en \u00ab\u00a1Tango!\u00bb, la primera pel\u00edcula sonora argentina. A partir de entonces, particip\u00f3 en numerosas producciones cinematogr\u00e1ficas, consolid\u00e1ndose como una reconocida actriz, especialmente despu\u00e9s de su actuaci\u00f3n en \u00abLa fuga\u00bb (1937), donde recibi\u00f3 elogios de la cr\u00edtica por su interpretaci\u00f3n de una cantante de cabaret.<\/p>\n<p>La consagraci\u00f3n definitiva de Merello lleg\u00f3 en la d\u00e9cada de 1940 con pel\u00edculas como \u00abFilomena Marturano\u00bb (1948) y \u00abLos isleros\u00bb (1950), por las cuales recibi\u00f3 varios premios y reconocimientos. Durante su carrera, Merello demostr\u00f3 una versatilidad notable, interpretando una amplia gama de personajes tanto en cine como en teatro, y se gan\u00f3 el cari\u00f1o del p\u00fablico argentino con su talento y carisma \u00fanicos.<\/p>\n<p>Durante los convulsos a\u00f1os que siguieron al derrocamiento de Juan Domingo Per\u00f3n en 1955, Tita Merello enfrent\u00f3 desaf\u00edos pol\u00edticos y profesionales que la llevaron al exilio y marcaron su carrera de manera significativa. A pesar de la prohibici\u00f3n gubernamental, Merello insisti\u00f3 en que Pepe Arias fuera su coprotagonista en \u00abMercado de Abasto\u00bb (1955), desafiando as\u00ed las restricciones impuestas por el gobierno peronista. La actividad cinematogr\u00e1fica durante el gobierno de Per\u00f3n hab\u00eda sido intensa pero marcada por el favoritismo y la censura, lo que afect\u00f3 la calidad de las producciones. Tras el golpe de Estado de 1955 y el inicio del r\u00e9gimen autodenominado Revoluci\u00f3n Libertadora, la persecuci\u00f3n pol\u00edtica se intensific\u00f3, y Merello se vio investigada por contrabando y presionada laboralmente.<\/p>\n<p>Ante este panorama, Merello decidi\u00f3 exiliarse en M\u00e9xico, donde se encontraban otras figuras argentinas como Libertad Lamarque y Amanda Ledesma. Sin embargo, la situaci\u00f3n no fue f\u00e1cil, ya que su amigo Jorge Negrete hab\u00eda fallecido y la productora con la que hab\u00eda trabajado anteriormente hab\u00eda quebrado. A pesar de sus esfuerzos por regresar a Argentina, las restricciones persistieron para aquellos vinculados al movimiento peronista, lo que limit\u00f3 sus opciones laborales en su pa\u00eds natal.<\/p>\n<p>No fue sino hasta 1958, con la asunci\u00f3n de Arturo Frondizi como presidente de Argentina, que Merello pudo regresar definitivamente a Buenos Aires. A su regreso, se reintegr\u00f3 a la escena art\u00edstica local, participando en diversas producciones teatrales y televisivas. Su carrera experiment\u00f3 altibajos en los a\u00f1os siguientes, protagonizando algunas pel\u00edculas poco exitosas pero tambi\u00e9n alcanzando roles destacados en producciones televisivas como \u00abAcacia Moreno\u00bb (1964).<\/p>\n<p>A pesar de los reveses profesionales, Merello mantuvo su popularidad y relevancia en la industria del entretenimiento argentino, gracias a su carisma y talento \u00fanicos. En los a\u00f1os siguientes, continu\u00f3 participando en programas televisivos populares y recibi\u00f3 reconocimientos por su trayectoria. Su legado perdura hasta hoy como una de las figuras m\u00e1s emblem\u00e1ticas del cine y la m\u00fasica argentinos.<\/p>\n<p>[\/et_pb_text][\/et_pb_column][\/et_pb_row][\/et_pb_section]<\/p>\n","protected":false},"excerpt":{"rendered":"<p>Tita Merello Actriz, vedette y cantante de tango y milonga &#8211; Buenos Aires, Argentina 11 de octubre de 1904 \u200b- Buenos Aires, Argentina, 24 de diciembre de 2002 Tita Merello, nacida como Laura Ana Merello en San Telmo, Buenos Aires, el 11 de octubre de 1904, fue una ic\u00f3nica actriz, vedette y cantante argentina del [&hellip;]<\/p>\n","protected":false},"author":1,"featured_media":0,"parent":0,"menu_order":0,"comment_status":"closed","ping_status":"closed","template":"","meta":{"_et_pb_use_builder":"on","_et_pb_old_content":"","_et_gb_content_width":"","footnotes":""},"class_list":["post-467","page","type-page","status-publish","hentry"],"_links":{"self":[{"href":"https:\/\/salondelasmujeres.ar\/index.php?rest_route=\/wp\/v2\/pages\/467","targetHints":{"allow":["GET"]}}],"collection":[{"href":"https:\/\/salondelasmujeres.ar\/index.php?rest_route=\/wp\/v2\/pages"}],"about":[{"href":"https:\/\/salondelasmujeres.ar\/index.php?rest_route=\/wp\/v2\/types\/page"}],"author":[{"embeddable":true,"href":"https:\/\/salondelasmujeres.ar\/index.php?rest_route=\/wp\/v2\/users\/1"}],"replies":[{"embeddable":true,"href":"https:\/\/salondelasmujeres.ar\/index.php?rest_route=%2Fwp%2Fv2%2Fcomments&post=467"}],"version-history":[{"count":12,"href":"https:\/\/salondelasmujeres.ar\/index.php?rest_route=\/wp\/v2\/pages\/467\/revisions"}],"predecessor-version":[{"id":488,"href":"https:\/\/salondelasmujeres.ar\/index.php?rest_route=\/wp\/v2\/pages\/467\/revisions\/488"}],"wp:attachment":[{"href":"https:\/\/salondelasmujeres.ar\/index.php?rest_route=%2Fwp%2Fv2%2Fmedia&parent=467"}],"curies":[{"name":"wp","href":"https:\/\/api.w.org\/{rel}","templated":true}]}}