{"id":417,"date":"2024-03-22T01:18:10","date_gmt":"2024-03-22T04:18:10","guid":{"rendered":"https:\/\/salondelasmujeres.ar\/?page_id=417"},"modified":"2024-03-26T23:41:18","modified_gmt":"2024-03-27T02:41:18","slug":"eva-duarte","status":"publish","type":"page","link":"https:\/\/salondelasmujeres.ar\/?page_id=417","title":{"rendered":"Eva Duarte"},"content":{"rendered":"<p>[et_pb_section fb_built=\u00bb1&#8243; custom_padding_last_edited=\u00bboff|desktop\u00bb admin_label=\u00bbHeader\u00bb _builder_version=\u00bb4.16&#8243; background_color_gradient_direction=\u00bb188deg\u00bb background_image=\u00bbhttps:\/\/salondelasmujeres.ar\/wp-content\/uploads\/2024\/03\/art-gallery-55.jpg\u00bb background_size=\u00bbinitial\u00bb background_repeat=\u00bbrepeat\u00bb width=\u00bb100%\u00bb custom_padding_tablet=\u00bb5vw||5vw||true\u00bb global_colors_info=\u00bb{}\u00bb][et_pb_row custom_padding_last_edited=\u00bboff|phone\u00bb _builder_version=\u00bb4.16&#8243; background_position=\u00bbbottom_center\u00bb custom_padding_tablet=\u00bb17vw||17vw||false\u00bb use_custom_width=\u00bbon\u00bb width_unit=\u00bboff\u00bb custom_width_percent=\u00bb100%\u00bb locked=\u00bboff\u00bb global_colors_info=\u00bb{}\u00bb][et_pb_column type=\u00bb4_4&#8243; _builder_version=\u00bb4.16&#8243; custom_padding=\u00bb|||\u00bb global_colors_info=\u00bb{}\u00bb custom_padding__hover=\u00bb|||\u00bb][et_pb_text _builder_version=\u00bb4.24.2&#8243; text_font=\u00bb||||||||\u00bb header_font=\u00bb||||||||\u00bb header_2_font=\u00bbPrata|500|||||||\u00bb header_2_text_align=\u00bbleft\u00bb header_2_font_size=\u00bb56px\u00bb header_2_line_height=\u00bb1.3em\u00bb header_4_font=\u00bb|700|||||||\u00bb header_4_font_size=\u00bb16px\u00bb header_4_line_height=\u00bb1.2em\u00bb transform_translate_linked=\u00bboff\u00bb max_width=\u00bb700px\u00bb max_width_tablet=\u00bb70%\u00bb max_width_last_edited=\u00bboff|phone\u00bb header_2_font_size_tablet=\u00bb40px\u00bb header_2_font_size_phone=\u00bb26px\u00bb header_2_font_size_last_edited=\u00bbon|desktop\u00bb global_colors_info=\u00bb{}\u00bb]<\/p>\n<h2>Eva Duarte<\/h2>\n<h4>Pol\u00edtica y actriz &#8211; Jun\u00edn o \u00e1rea rural de Los Toldos, Buenos Aires, Argentina, 7 de mayo de 1919 &#8211; Buenos Aires, Argentina, 26 de julio de 1952<\/h4>\n<p>Eva Mar\u00eda Duarte, conocida como Eva Per\u00f3n o simplemente Evita, fue una influyente pol\u00edtica y actriz argentina, destac\u00e1ndose como la primera dama de Argentina durante el mandato de Juan Domingo Per\u00f3n entre 1946 y 1952. Proveniente de un origen humilde, se traslad\u00f3 a Buenos Aires a los quince a\u00f1os y se destac\u00f3 en el mundo del teatro, radioteatro y cine.<\/p>\n<p>En 1943, fue una de las fundadoras y posteriormente presidenta de la Asociaci\u00f3n Radial Argentina (ARA). En 1944, conoci\u00f3 a Juan Domingo Per\u00f3n, con quien se cas\u00f3 y colabor\u00f3 activamente en su campa\u00f1a electoral en 1946. Impuls\u00f3 la Ley de sufragio femenino en 1947 y promovi\u00f3 la igualdad jur\u00eddica de los c\u00f3nyuges.<\/p>\n<p>En 1948, fund\u00f3 la Fundaci\u00f3n Eva Per\u00f3n, dedicada a la construcci\u00f3n de hospitales, asilos, escuelas y promoci\u00f3n del turismo social. Tambi\u00e9n estableci\u00f3 el Partido Peronista Femenino en 1949. En 1951, debido a elecciones presidenciales con sufragio universal, fue propuesta como candidata a vicepresidenta, pero renunci\u00f3 debido a presiones y su enfermedad.<\/p>\n<p>Falleci\u00f3 en 1952 a los 33 a\u00f1os debido al c\u00e1ncer de cuello de \u00fatero. Recibi\u00f3 honores oficiales tras su muerte y su cuerpo fue objeto de controversia durante a\u00f1os. Es autora de dos libros y ha sido honrada con m\u00faltiples distinciones, incluyendo el t\u00edtulo de Jefa Espiritual de la Naci\u00f3n y la Gran Cruz de Honor de la Cruz Roja Argentina. Su vida ha inspirado numerosas obras art\u00edsticas.<\/p>\n<p>[\/et_pb_text][\/et_pb_column][\/et_pb_row][\/et_pb_section][et_pb_section fb_built=\u00bb1&#8243; custom_padding_last_edited=\u00bboff|desktop\u00bb admin_label=\u00bbWork\u00bb _builder_version=\u00bb4.16&#8243; background_color_gradient_direction=\u00bb188deg\u00bb background_image=\u00bbhttps:\/\/salondelasmujeres.ar\/wp-content\/uploads\/2024\/03\/art-gallery-55.jpg\u00bb background_size=\u00bbinitial\u00bb background_repeat=\u00bbrepeat\u00bb width=\u00bb100%\u00bb custom_padding_tablet=\u00bb5vw||5vw||true\u00bb global_colors_info=\u00bb{}\u00bb][et_pb_row custom_padding_last_edited=\u00bboff|phone\u00bb _builder_version=\u00bb4.16&#8243; background_position=\u00bbbottom_center\u00bb custom_padding_tablet=\u00bb17vw||17vw||false\u00bb use_custom_width=\u00bbon\u00bb width_unit=\u00bboff\u00bb custom_width_percent=\u00bb100%\u00bb locked=\u00bboff\u00bb global_colors_info=\u00bb{}\u00bb][et_pb_column type=\u00bb4_4&#8243; _builder_version=\u00bb4.16&#8243; custom_padding=\u00bb|||\u00bb global_colors_info=\u00bb{}\u00bb custom_padding__hover=\u00bb|||\u00bb][et_pb_text _builder_version=\u00bb4.24.2&#8243; text_font=\u00bb||||||||\u00bb header_font=\u00bb||||||||\u00bb header_2_font=\u00bbPrata|500|||||||\u00bb header_2_font_size=\u00bb56px\u00bb header_2_line_height=\u00bb1.3em\u00bb header_3_font=\u00bb|700||on|||||\u00bb header_3_text_color=\u00bbrgba(0,0,0,0.35)\u00bb header_3_font_size=\u00bb12px\u00bb header_3_letter_spacing=\u00bb5px\u00bb header_3_line_height=\u00bb2em\u00bb transform_translate_linked=\u00bboff\u00bb text_orientation=\u00bbcenter\u00bb max_width=\u00bb700px\u00bb max_width_tablet=\u00bb70%\u00bb max_width_last_edited=\u00bboff|phone\u00bb module_alignment=\u00bbcenter\u00bb header_2_font_size_tablet=\u00bb40px\u00bb header_2_font_size_phone=\u00bb26px\u00bb header_2_font_size_last_edited=\u00bbon|phone\u00bb header_3_font_size_phone=\u00bb10px\u00bb header_3_font_size_last_edited=\u00bboff|desktop\u00bb module_alignment_last_edited=\u00bboff|desktop\u00bb text_text_align=\u00bbcenter\u00bb global_colors_info=\u00bb{}\u00bb]<\/p>\n<h3>Un recorrido a trav\u00e9s de<\/h3>\n<h2>Im\u00e1genes y Momentos<\/h2>\n<p>[\/et_pb_text][\/et_pb_column][\/et_pb_row][et_pb_row column_structure=\u00bb1_3,1_3,1_3&#8243; _builder_version=\u00bb4.16&#8243; global_colors_info=\u00bb{}\u00bb][et_pb_column type=\u00bb1_3&#8243; _builder_version=\u00bb4.16&#8243; custom_padding=\u00bb|||\u00bb global_colors_info=\u00bb{}\u00bb custom_padding__hover=\u00bb|||\u00bb][et_pb_image src=\u00bbhttps:\/\/salondelasmujeres.ar\/wp-content\/uploads\/2024\/03\/Eva-Duarte_05.jpg\u00bb title_text=\u00bbEva Duarte_05&#8243; align=\u00bbcenter\u00bb _builder_version=\u00bb4.24.2&#8243; global_colors_info=\u00bb{}\u00bb][\/et_pb_image][et_pb_text ul_position=\u00bbinside\u00bb _builder_version=\u00bb4.24.2&#8243; text_font=\u00bb||||||||\u00bb ul_font=\u00bb||||||||\u00bb header_font=\u00bb|700|||||||\u00bb header_font_size=\u00bb20px\u00bb header_line_height=\u00bb1.3em\u00bb header_3_font=\u00bb|700|||||||\u00bb header_3_font_size=\u00bb14px\u00bb header_3_line_height=\u00bb1.3em\u00bb text_orientation=\u00bbcenter\u00bb hover_enabled=\u00bb0&#8243; text_text_align=\u00bbcenter\u00bb locked=\u00bboff\u00bb global_colors_info=\u00bb{}\u00bb sticky_enabled=\u00bb0&#8243;]<\/p>\n<h3>Eva Duarte<\/h3>\n<p>\u00abDonde existe una necesidad nace un derecho\u00bb.<\/p>\n<p>Fotograf\u00eda de mediados de los a\u00f1os cuarenta.<\/p>\n<p>[\/et_pb_text][\/et_pb_column][et_pb_column type=\u00bb1_3&#8243; _builder_version=\u00bb4.16&#8243; custom_padding=\u00bb|||\u00bb global_colors_info=\u00bb{}\u00bb custom_padding__hover=\u00bb|||\u00bb][et_pb_image src=\u00bbhttps:\/\/salondelasmujeres.ar\/wp-content\/uploads\/2024\/03\/Eva-Duarte_06.jpg\u00bb title_text=\u00bbEva Duarte_06&#8243; align=\u00bbcenter\u00bb _builder_version=\u00bb4.24.2&#8243; global_colors_info=\u00bb{}\u00bb][\/et_pb_image][et_pb_text ul_position=\u00bbinside\u00bb _builder_version=\u00bb4.24.2&#8243; text_font=\u00bb||||||||\u00bb ul_font=\u00bb||||||||\u00bb header_font=\u00bb|700|||||||\u00bb header_font_size=\u00bb20px\u00bb header_line_height=\u00bb1.3em\u00bb header_3_font=\u00bb|700|||||||\u00bb header_3_font_size=\u00bb14px\u00bb header_3_line_height=\u00bb1.3em\u00bb text_orientation=\u00bbcenter\u00bb hover_enabled=\u00bb0&#8243; text_text_align=\u00bbcenter\u00bb locked=\u00bboff\u00bb global_colors_info=\u00bb{}\u00bb sticky_enabled=\u00bb0&#8243;]<\/p>\n<h3>Eva Duarte<\/h3>\n<p><span>\u00abYo no me dej\u00e9 arrancar el alma que traje de la calle, por eso no me deslumbr\u00f3 jam\u00e1s la grandeza del poder y pude ver sus miserias. Por eso nunca me olvid\u00e9 de las miserias de mi pueblo y pude ver sus grandezas\u00bb.<\/span> Fotograf\u00eda del a\u00f1o <span>1948.<\/span><\/p>\n<p>[\/et_pb_text][\/et_pb_column][et_pb_column type=\u00bb1_3&#8243; _builder_version=\u00bb4.16&#8243; custom_padding=\u00bb|||\u00bb global_colors_info=\u00bb{}\u00bb custom_padding__hover=\u00bb|||\u00bb][et_pb_image src=\u00bbhttps:\/\/salondelasmujeres.ar\/wp-content\/uploads\/2024\/03\/Eva-Duarte_03.jpg\u00bb title_text=\u00bbEva Duarte_03&#8243; align=\u00bbcenter\u00bb _builder_version=\u00bb4.24.2&#8243; global_colors_info=\u00bb{}\u00bb][\/et_pb_image][et_pb_text ul_position=\u00bbinside\u00bb _builder_version=\u00bb4.24.2&#8243; text_font=\u00bb||||||||\u00bb ul_font=\u00bb||||||||\u00bb header_font=\u00bb|700|||||||\u00bb header_font_size=\u00bb20px\u00bb header_line_height=\u00bb1.3em\u00bb header_3_font=\u00bb|700|||||||\u00bb header_3_font_size=\u00bb14px\u00bb header_3_line_height=\u00bb1.3em\u00bb text_orientation=\u00bbcenter\u00bb hover_enabled=\u00bb0&#8243; text_text_align=\u00bbcenter\u00bb locked=\u00bboff\u00bb global_colors_info=\u00bb{}\u00bb sticky_enabled=\u00bb0&#8243;]<\/p>\n<h3>Eva Duarte<\/h3>\n<p>\u201cComo mujer siento en el alma la c\u00e1lida ternura del pueblo de donde vine y a quien me debo\u201d.\u00a0<\/p>\n<p>Fotograf\u00eda vestida con traje de gala.<\/p>\n<p>[\/et_pb_text][\/et_pb_column][\/et_pb_row][et_pb_row column_structure=\u00bb1_3,1_3,1_3&#8243; _builder_version=\u00bb4.16&#8243; global_colors_info=\u00bb{}\u00bb][et_pb_column type=\u00bb1_3&#8243; _builder_version=\u00bb4.16&#8243; custom_padding=\u00bb|||\u00bb global_colors_info=\u00bb{}\u00bb custom_padding__hover=\u00bb|||\u00bb][et_pb_image src=\u00bbhttps:\/\/salondelasmujeres.ar\/wp-content\/uploads\/2024\/03\/Eva-Duarte_02.jpg\u00bb title_text=\u00bbEva Duarte_02&#8243; align=\u00bbcenter\u00bb _builder_version=\u00bb4.24.2&#8243; global_colors_info=\u00bb{}\u00bb][\/et_pb_image][et_pb_text ul_position=\u00bbinside\u00bb _builder_version=\u00bb4.24.2&#8243; text_font=\u00bb||||||||\u00bb ul_font=\u00bb||||||||\u00bb header_font=\u00bb|700|||||||\u00bb header_font_size=\u00bb20px\u00bb header_line_height=\u00bb1.3em\u00bb header_3_font=\u00bb|700|||||||\u00bb header_3_font_size=\u00bb14px\u00bb header_3_line_height=\u00bb1.3em\u00bb text_orientation=\u00bbcenter\u00bb hover_enabled=\u00bb0&#8243; text_text_align=\u00bbcenter\u00bb locked=\u00bboff\u00bb global_colors_info=\u00bb{}\u00bb sticky_enabled=\u00bb0&#8243;]<\/p>\n<h3>Eva Duarte<\/h3>\n<p>\u00abYo quiero hablar hoy, a pesar de que el general me pide que sea breve, porque quiero que mi pueblo sepa que estamos dispuestos a morir por Per\u00f3n y que sepan los traidores que ya no vendremos aqu\u00ed a decirle &#8216;presente&#8217; a Per\u00f3n, como el 28 de septiembre, sino que iremos a hacer justicia por nuestras propias manos\u00bb.<\/p>\n<p>Fotograf\u00eda dando el discurso el 1 de mayo de 1951.<\/p>\n<p>[\/et_pb_text][\/et_pb_column][et_pb_column type=\u00bb1_3&#8243; _builder_version=\u00bb4.16&#8243; custom_padding=\u00bb|||\u00bb global_colors_info=\u00bb{}\u00bb custom_padding__hover=\u00bb|||\u00bb][et_pb_image src=\u00bbhttps:\/\/salondelasmujeres.ar\/wp-content\/uploads\/2024\/03\/Eva-Duarte_04.jpg\u00bb title_text=\u00bbEva Duarte_04&#8243; align=\u00bbcenter\u00bb _builder_version=\u00bb4.24.2&#8243; global_colors_info=\u00bb{}\u00bb][\/et_pb_image][et_pb_text ul_position=\u00bbinside\u00bb _builder_version=\u00bb4.24.2&#8243; text_font=\u00bb||||||||\u00bb ul_font=\u00bb||||||||\u00bb header_font=\u00bb|700|||||||\u00bb header_font_size=\u00bb20px\u00bb header_line_height=\u00bb1.3em\u00bb header_3_font=\u00bb|700|||||||\u00bb header_3_font_size=\u00bb14px\u00bb header_3_line_height=\u00bb1.3em\u00bb text_orientation=\u00bbcenter\u00bb hover_enabled=\u00bb0&#8243; text_text_align=\u00bbcenter\u00bb locked=\u00bboff\u00bb global_colors_info=\u00bb{}\u00bb sticky_enabled=\u00bb0&#8243;]<\/p>\n<h3>Manifestaci\u00f3n de mujeres<\/h3>\n<p>\u00abAhora si me preguntasen qu\u00e9 prefiero, mi respuesta no tardar\u00eda en salir de m\u00ed: me gusta m\u00e1s mi nombre de pueblo. Cuando un pibe me nombra Evita me siento madre de todos los pibes y de todos los d\u00e9biles y humildes de mi tierra. Cuando un obrero me llama Evita me siento con gusto compa\u00f1era de todos los hombres\u00bb.<\/p>\n<p>Fotograf\u00eda frente al Congreso Nacional por la ley de Voto Femenino, 3 de septiembre de 1947.<\/p>\n<p>[\/et_pb_text][\/et_pb_column][et_pb_column type=\u00bb1_3&#8243; _builder_version=\u00bb4.16&#8243; custom_padding=\u00bb|||\u00bb global_colors_info=\u00bb{}\u00bb custom_padding__hover=\u00bb|||\u00bb][et_pb_image src=\u00bbhttps:\/\/salondelasmujeres.ar\/wp-content\/uploads\/2024\/03\/Eva-Duarte_01.jpg\u00bb title_text=\u00bbEva Duarte_01&#8243; align=\u00bbcenter\u00bb _builder_version=\u00bb4.24.2&#8243; global_colors_info=\u00bb{}\u00bb][\/et_pb_image][et_pb_text ul_position=\u00bbinside\u00bb _builder_version=\u00bb4.24.2&#8243; text_font=\u00bb||||||||\u00bb ul_font=\u00bb||||||||\u00bb header_font=\u00bb|700|||||||\u00bb header_font_size=\u00bb20px\u00bb header_line_height=\u00bb1.3em\u00bb header_3_font=\u00bb|700|||||||\u00bb header_3_font_size=\u00bb14px\u00bb header_3_line_height=\u00bb1.3em\u00bb text_orientation=\u00bbcenter\u00bb hover_enabled=\u00bb0&#8243; text_text_align=\u00bbcenter\u00bb locked=\u00bboff\u00bb global_colors_info=\u00bb{}\u00bb sticky_enabled=\u00bb0&#8243;]<\/p>\n<h3>Eva llora y abraza a Per\u00f3n<\/h3>\n<p><span>\u00abPorque yo tambi\u00e9n como los compa\u00f1eros trabajadores, soy capaz de morir y terminar mi existencia en el \u00faltimo momento de mi vida con nuestro grito de guerra, con nuestro grito de salvaci\u00f3n: \u00a1la vida por Per\u00f3n!\u00bb<\/span><\/p>\n<p><span>Palabras durante el acto del 17 de octubre de 1951.<\/span><\/p>\n<p>[\/et_pb_text][\/et_pb_column][\/et_pb_row][\/et_pb_section][et_pb_section fb_built=\u00bb1&#8243; admin_label=\u00bbResume\u00bb _builder_version=\u00bb4.16&#8243; background_image=\u00bbhttps:\/\/salondelasmujeres.ar\/wp-content\/uploads\/2024\/03\/art-gallery-55.jpg\u00bb background_size=\u00bbinitial\u00bb background_repeat=\u00bbrepeat\u00bb global_colors_info=\u00bb{}\u00bb][et_pb_row custom_padding_last_edited=\u00bboff|phone\u00bb _builder_version=\u00bb4.16&#8243; background_position=\u00bbbottom_center\u00bb custom_padding_tablet=\u00bb17vw||17vw||false\u00bb use_custom_width=\u00bbon\u00bb width_unit=\u00bboff\u00bb custom_width_percent=\u00bb100%\u00bb locked=\u00bboff\u00bb global_colors_info=\u00bb{}\u00bb][et_pb_column type=\u00bb4_4&#8243; _builder_version=\u00bb4.16&#8243; custom_padding=\u00bb|||\u00bb global_colors_info=\u00bb{}\u00bb custom_padding__hover=\u00bb|||\u00bb][et_pb_text _builder_version=\u00bb4.24.2&#8243; text_font=\u00bb||||||||\u00bb header_font=\u00bb||||||||\u00bb header_2_font=\u00bbPrata|500|||||||\u00bb header_2_font_size=\u00bb56px\u00bb header_2_line_height=\u00bb1.3em\u00bb header_3_font=\u00bb|700||on|||||\u00bb header_3_text_color=\u00bbrgba(0,0,0,0.35)\u00bb header_3_font_size=\u00bb12px\u00bb header_3_letter_spacing=\u00bb5px\u00bb header_3_line_height=\u00bb2em\u00bb transform_translate_linked=\u00bboff\u00bb max_width=\u00bb700px\u00bb max_width_tablet=\u00bb70%\u00bb max_width_last_edited=\u00bboff|phone\u00bb module_alignment=\u00bbleft\u00bb header_2_font_size_tablet=\u00bb40px\u00bb header_2_font_size_phone=\u00bb26px\u00bb header_2_font_size_last_edited=\u00bbon|phone\u00bb header_3_font_size_phone=\u00bb10px\u00bb header_3_font_size_last_edited=\u00bboff|desktop\u00bb module_alignment_last_edited=\u00bboff|desktop\u00bb global_colors_info=\u00bb{}\u00bb]<\/p>\n<h3>Biograf\u00eda<\/h3>\n<p>[\/et_pb_text][\/et_pb_column][\/et_pb_row][et_pb_row _builder_version=\u00bb4.16&#8243; global_colors_info=\u00bb{}\u00bb][et_pb_column type=\u00bb4_4&#8243; _builder_version=\u00bb4.16&#8243; custom_padding=\u00bb|||\u00bb global_colors_info=\u00bb{}\u00bb custom_padding__hover=\u00bb|||\u00bb][et_pb_text ul_position=\u00bbinside\u00bb _builder_version=\u00bb4.24.2&#8243; text_font=\u00bb||||||||\u00bb ul_font=\u00bb||||||||\u00bb header_font=\u00bb|700|||||||\u00bb header_font_size=\u00bb20px\u00bb header_line_height=\u00bb1.3em\u00bb header_3_font=\u00bb|700|||||||\u00bb header_3_font_size=\u00bb14px\u00bb header_3_line_height=\u00bb1.3em\u00bb header_4_font=\u00bb|700|||||||\u00bb header_4_font_size=\u00bb14px\u00bb header_4_line_height=\u00bb1.3em\u00bb locked=\u00bboff\u00bb global_colors_info=\u00bb{}\u00bb]<\/p>\n<p>Eva Mar\u00eda Duarte, cuyo nombre resuena en la historia argentina como Eva Per\u00f3n o simplemente Evita, emerge como una de las figuras m\u00e1s trascendentales en la pol\u00edtica, la sociedad y la cultura del pa\u00eds. Nacida en un entorno modesto en Jun\u00edn o en los alrededores rurales de Los Toldos el 7 de mayo de 1919, y fallecida en Buenos Aires el 26 de julio de 1952, su vida fue un compendio de lucha, dedicaci\u00f3n y pasi\u00f3n por el bienestar de los m\u00e1s desfavorecidos, especialmente de las mujeres.<\/p>\n<p>Desde temprana edad, Eva se vio confrontada con las adversidades de la pobreza y la marginalidad, pero su esp\u00edritu indomable y su ambici\u00f3n la llevaron a buscar un destino diferente. A los quince a\u00f1os, se traslad\u00f3 a la ciudad de Buenos Aires, donde se sumergi\u00f3 en el mundo del espect\u00e1culo. Su talento actoral la llev\u00f3 a destacarse en el teatro, el radioteatro y el cine, gan\u00e1ndose el reconocimiento del p\u00fablico y la atenci\u00f3n de los c\u00edrculos art\u00edsticos de la \u00e9poca.<\/p>\n<p>Sin embargo, fue su encuentro con Juan Domingo Per\u00f3n lo que marcar\u00eda un punto de inflexi\u00f3n en su vida. En 1944, en medio de la agitaci\u00f3n pol\u00edtica y social que caracterizaba a Argentina en ese momento, Eva conoci\u00f3 a Per\u00f3n, quien entonces se desempe\u00f1aba como secretario de Trabajo y Previsi\u00f3n durante la dictadura conocida como la Revoluci\u00f3n del 43. Esta conexi\u00f3n con Per\u00f3n no solo transformar\u00eda su destino personal, sino que tambi\u00e9n la impulsar\u00eda hacia el centro del escenario pol\u00edtico argentino.<\/p>\n<p>Con Per\u00f3n como l\u00edder emergente y ella a su lado, Eva particip\u00f3 activamente en la campa\u00f1a electoral de 1946, desempe\u00f1ando un papel crucial en la movilizaci\u00f3n de las masas populares y convirti\u00e9ndose en la primera mujer argentina en hacer campa\u00f1a pol\u00edtica a ese nivel. Su influencia no se limit\u00f3 solo a las apariciones p\u00fablicas; detr\u00e1s de escena, Eva trabaj\u00f3 incansablemente para promover las causas que consideraba m\u00e1s urgentes, especialmente aquellas relacionadas con la mejora de la situaci\u00f3n de las mujeres.<\/p>\n<p>Uno de los hitos m\u00e1s significativos de su activismo fue la promoci\u00f3n y sanci\u00f3n de la Ley de sufragio femenino en 1947, un logro que marc\u00f3 un antes y un despu\u00e9s en la historia de los derechos de las mujeres en Argentina. Pero su compromiso con la igualdad de g\u00e9nero no se detuvo all\u00ed; Eva tambi\u00e9n abog\u00f3 por la igualdad jur\u00eddica entre c\u00f3nyuges y la patria potestad compartida, contribuyendo a trav\u00e9s de enmiendas constitucionales en 1949.<\/p>\n<p>Adem\u00e1s de su incansable trabajo pol\u00edtico, Eva Per\u00f3n fund\u00f3 la Fundaci\u00f3n Eva Per\u00f3n en 1948, una instituci\u00f3n que se convertir\u00eda en la plataforma principal para sus iniciativas sociales y ben\u00e9ficas. A trav\u00e9s de la Fundaci\u00f3n, construy\u00f3 hospitales, asilos y escuelas, proporcion\u00f3 asistencia m\u00e9dica y educativa a los m\u00e1s necesitados, promovi\u00f3 el turismo social y foment\u00f3 el deporte entre los j\u00f3venes. Su visi\u00f3n de una sociedad m\u00e1s justa e inclusiva se reflejaba en cada una de sus acciones, y su liderazgo indiscutible la convirti\u00f3 en una figura central en la articulaci\u00f3n entre el gobierno y los sectores populares.<\/p>\n<p>Tr\u00e1gicamente, la vida de Eva Per\u00f3n fue truncada prematuramente por el c\u00e1ncer de cuello de \u00fatero que padec\u00eda, un mal que la aquej\u00f3 durante a\u00f1os y que finalmente la llev\u00f3 a la muerte a la temprana edad de 33 a\u00f1os. Su fallecimiento, en julio de 1952, conmocion\u00f3 a toda la naci\u00f3n y desat\u00f3 una ola de duelo y homenajes que reflejaban el profundo impacto que hab\u00eda tenido en la vida de millones de argentinos.<\/p>\n<p>A pesar de su partida, el legado de Eva Per\u00f3n contin\u00faa resonando en la memoria colectiva del pueblo argentino. Su influencia perdura en la cultura popular, donde su figura ha sido objeto de numerosas pel\u00edculas, obras de teatro, libros y canciones que exploran su vida y su legado. M\u00e1s all\u00e1 de las representaciones art\u00edsticas, su nombre sigue siendo sin\u00f3nimo de lucha por la justicia social, la igualdad de g\u00e9nero y la defensa de los m\u00e1s desfavorecidos, record\u00e1ndonos que, incluso en la adversidad, el esp\u00edritu de lucha y la determinaci\u00f3n pueden cambiar el curso de la historia.<\/p>\n<p>[\/et_pb_text][\/et_pb_column][\/et_pb_row][\/et_pb_section]<\/p>\n","protected":false},"excerpt":{"rendered":"<p>Eva Duarte Pol\u00edtica y actriz &#8211; Jun\u00edn o \u00e1rea rural de Los Toldos, Buenos Aires, Argentina, 7 de mayo de 1919 &#8211; Buenos Aires, Argentina, 26 de julio de 1952 Eva Mar\u00eda Duarte, conocida como Eva Per\u00f3n o simplemente Evita, fue una influyente pol\u00edtica y actriz argentina, destac\u00e1ndose como la primera dama de Argentina durante [&hellip;]<\/p>\n","protected":false},"author":1,"featured_media":0,"parent":0,"menu_order":0,"comment_status":"closed","ping_status":"closed","template":"","meta":{"_et_pb_use_builder":"on","_et_pb_old_content":"","_et_gb_content_width":"","footnotes":""},"class_list":["post-417","page","type-page","status-publish","hentry"],"_links":{"self":[{"href":"https:\/\/salondelasmujeres.ar\/index.php?rest_route=\/wp\/v2\/pages\/417","targetHints":{"allow":["GET"]}}],"collection":[{"href":"https:\/\/salondelasmujeres.ar\/index.php?rest_route=\/wp\/v2\/pages"}],"about":[{"href":"https:\/\/salondelasmujeres.ar\/index.php?rest_route=\/wp\/v2\/types\/page"}],"author":[{"embeddable":true,"href":"https:\/\/salondelasmujeres.ar\/index.php?rest_route=\/wp\/v2\/users\/1"}],"replies":[{"embeddable":true,"href":"https:\/\/salondelasmujeres.ar\/index.php?rest_route=%2Fwp%2Fv2%2Fcomments&post=417"}],"version-history":[{"count":18,"href":"https:\/\/salondelasmujeres.ar\/index.php?rest_route=\/wp\/v2\/pages\/417\/revisions"}],"predecessor-version":[{"id":936,"href":"https:\/\/salondelasmujeres.ar\/index.php?rest_route=\/wp\/v2\/pages\/417\/revisions\/936"}],"wp:attachment":[{"href":"https:\/\/salondelasmujeres.ar\/index.php?rest_route=%2Fwp%2Fv2%2Fmedia&parent=417"}],"curies":[{"name":"wp","href":"https:\/\/api.w.org\/{rel}","templated":true}]}}