{"id":278,"date":"2024-03-21T12:31:09","date_gmt":"2024-03-21T15:31:09","guid":{"rendered":"https:\/\/salondelasmujeres.ar\/?page_id=278"},"modified":"2024-03-26T20:39:07","modified_gmt":"2024-03-26T23:39:07","slug":"maria-remedios-del-valle","status":"publish","type":"page","link":"https:\/\/salondelasmujeres.ar\/?page_id=278","title":{"rendered":"Mar\u00eda Remedios del Valle"},"content":{"rendered":"<p>[et_pb_section fb_built=\u00bb1&#8243; custom_padding_last_edited=\u00bboff|desktop\u00bb admin_label=\u00bbHeader\u00bb _builder_version=\u00bb4.16&#8243; background_color_gradient_direction=\u00bb188deg\u00bb background_image=\u00bbhttps:\/\/salondelasmujeres.ar\/wp-content\/uploads\/2024\/03\/art-gallery-55.jpg\u00bb background_size=\u00bbinitial\u00bb background_repeat=\u00bbrepeat\u00bb width=\u00bb100%\u00bb custom_padding_tablet=\u00bb5vw||5vw||true\u00bb global_colors_info=\u00bb{}\u00bb][et_pb_row custom_padding_last_edited=\u00bboff|phone\u00bb _builder_version=\u00bb4.16&#8243; background_position=\u00bbbottom_center\u00bb custom_padding_tablet=\u00bb17vw||17vw||false\u00bb use_custom_width=\u00bbon\u00bb width_unit=\u00bboff\u00bb custom_width_percent=\u00bb100%\u00bb locked=\u00bboff\u00bb global_colors_info=\u00bb{}\u00bb][et_pb_column type=\u00bb4_4&#8243; _builder_version=\u00bb4.16&#8243; custom_padding=\u00bb|||\u00bb global_colors_info=\u00bb{}\u00bb custom_padding__hover=\u00bb|||\u00bb][et_pb_text _builder_version=\u00bb4.24.2&#8243; text_font=\u00bb||||||||\u00bb header_font=\u00bb||||||||\u00bb header_2_font=\u00bbPrata|500|||||||\u00bb header_2_text_align=\u00bbleft\u00bb header_2_font_size=\u00bb56px\u00bb header_2_line_height=\u00bb1.3em\u00bb header_4_font=\u00bb|700|||||||\u00bb header_4_font_size=\u00bb16px\u00bb header_4_line_height=\u00bb1.2em\u00bb transform_translate_linked=\u00bboff\u00bb max_width=\u00bb700px\u00bb max_width_tablet=\u00bb70%\u00bb max_width_last_edited=\u00bboff|phone\u00bb header_2_font_size_tablet=\u00bb40px\u00bb header_2_font_size_phone=\u00bb26px\u00bb header_2_font_size_last_edited=\u00bbon|desktop\u00bb global_colors_info=\u00bb{}\u00bb]<\/p>\n<h2>Mar\u00eda Remedios del Valle<\/h2>\n<h4><span>Militar n<\/span>acida en Buenos Aires en 1766 o 1767 y fallecida en la misma ciudad entre el 28 de octubre y el 8 de noviembre de 1847<\/h4>\n<p>Reconocida como una de las \u00abni\u00f1as de Ayoh\u00fama\u00bb, quienes prestaron asistencia al ej\u00e9rcito de Manuel Belgrano en la batalla de Ayoh\u00fama, fue una figura afrodescendiente de gran importancia en la historia militar de Argentina.<\/p>\n<p>Particip\u00f3 como auxiliar en las Invasiones Inglesas y, posteriormente, durante la guerra de Independencia de Argentina, acompa\u00f1\u00f3 al Ej\u00e9rcito del Norte como auxiliar y combatiente, gan\u00e1ndose el t\u00edtulo de \u00abcapitana\u00bb y \u00abMadre de la Patria\u00bb. Al final de su vida, alcanz\u00f3 el rango de sargento mayor del Ej\u00e9rcito.<\/p>\n<p>En su honor, la Ley N.\u00ba 26852 establece el 8 de noviembre como el \u00abD\u00eda Nacional de los Afroargentinos y de la cultura afro\u00bb, reconociendo as\u00ed su contribuci\u00f3n a la historia y cultura de Argentina.<\/p>\n<p>[\/et_pb_text][\/et_pb_column][\/et_pb_row][\/et_pb_section][et_pb_section fb_built=\u00bb1&#8243; custom_padding_last_edited=\u00bboff|desktop\u00bb admin_label=\u00bbWork\u00bb _builder_version=\u00bb4.16&#8243; background_color_gradient_direction=\u00bb188deg\u00bb background_image=\u00bbhttps:\/\/salondelasmujeres.ar\/wp-content\/uploads\/2024\/03\/art-gallery-55.jpg\u00bb background_size=\u00bbinitial\u00bb background_repeat=\u00bbrepeat\u00bb width=\u00bb100%\u00bb custom_padding_tablet=\u00bb5vw||5vw||true\u00bb global_colors_info=\u00bb{}\u00bb][et_pb_row custom_padding_last_edited=\u00bboff|phone\u00bb _builder_version=\u00bb4.16&#8243; background_position=\u00bbbottom_center\u00bb custom_padding_tablet=\u00bb17vw||17vw||false\u00bb use_custom_width=\u00bbon\u00bb width_unit=\u00bboff\u00bb custom_width_percent=\u00bb100%\u00bb locked=\u00bboff\u00bb global_colors_info=\u00bb{}\u00bb][et_pb_column type=\u00bb4_4&#8243; _builder_version=\u00bb4.16&#8243; custom_padding=\u00bb|||\u00bb global_colors_info=\u00bb{}\u00bb custom_padding__hover=\u00bb|||\u00bb][et_pb_text _builder_version=\u00bb4.24.2&#8243; text_font=\u00bb||||||||\u00bb header_font=\u00bb||||||||\u00bb header_2_font=\u00bbPrata|500|||||||\u00bb header_2_font_size=\u00bb56px\u00bb header_2_line_height=\u00bb1.3em\u00bb header_3_font=\u00bb|700||on|||||\u00bb header_3_text_color=\u00bbrgba(0,0,0,0.35)\u00bb header_3_font_size=\u00bb12px\u00bb header_3_letter_spacing=\u00bb5px\u00bb header_3_line_height=\u00bb2em\u00bb transform_translate_linked=\u00bboff\u00bb text_orientation=\u00bbcenter\u00bb max_width=\u00bb700px\u00bb max_width_tablet=\u00bb70%\u00bb max_width_last_edited=\u00bboff|phone\u00bb module_alignment=\u00bbcenter\u00bb hover_enabled=\u00bb0&#8243; header_2_font_size_tablet=\u00bb40px\u00bb header_2_font_size_phone=\u00bb26px\u00bb header_2_font_size_last_edited=\u00bbon|phone\u00bb header_3_font_size_phone=\u00bb10px\u00bb header_3_font_size_last_edited=\u00bboff|desktop\u00bb module_alignment_last_edited=\u00bboff|desktop\u00bb text_text_align=\u00bbcenter\u00bb global_colors_info=\u00bb{}\u00bb sticky_enabled=\u00bb0&#8243;]<\/p>\n<h3>Un recorrido a trav\u00e9s de<\/h3>\n<h2>Im\u00e1genes y Momentos<\/h2>\n<p>[\/et_pb_text][\/et_pb_column][\/et_pb_row][et_pb_row column_structure=\u00bb1_3,1_3,1_3&#8243; _builder_version=\u00bb4.16&#8243; global_colors_info=\u00bb{}\u00bb][et_pb_column type=\u00bb1_3&#8243; _builder_version=\u00bb4.16&#8243; custom_padding=\u00bb|||\u00bb global_colors_info=\u00bb{}\u00bb custom_padding__hover=\u00bb|||\u00bb][et_pb_image src=\u00bbhttps:\/\/salondelasmujeres.ar\/wp-content\/uploads\/2024\/03\/Maria-Remedios-del-Valle_01.jpg\u00bb title_text=\u00bbMaria Remedios del Valle_01&#8243; align=\u00bbcenter\u00bb _builder_version=\u00bb4.24.2&#8243; global_colors_info=\u00bb{}\u00bb][\/et_pb_image][et_pb_text ul_position=\u00bbinside\u00bb _builder_version=\u00bb4.24.2&#8243; text_font=\u00bb||||||||\u00bb ul_font=\u00bb||||||||\u00bb header_font=\u00bb|700|||||||\u00bb header_font_size=\u00bb20px\u00bb header_line_height=\u00bb1.3em\u00bb header_3_font=\u00bb|700|||||||\u00bb header_3_font_size=\u00bb14px\u00bb header_3_line_height=\u00bb1.3em\u00bb text_orientation=\u00bbcenter\u00bb hover_enabled=\u00bb0&#8243; text_text_align=\u00bbcenter\u00bb locked=\u00bboff\u00bb global_colors_info=\u00bb{}\u00bb sticky_enabled=\u00bb0&#8243;]<\/p>\n<h3>Mar\u00eda Remedios del Valle, retrato de la \u00e9poca<\/h3>\n<p>En una de las peticiones de las sesiones legislativas del 18 de julio de 1828, Juan Jos\u00e9 Viamonte en defensa de la capitana de la patria, expresaba lo siguiente:<\/p>\n<p>\u201cYo no hubiese tomado la palabra porque me cuesta mucho trabajo hablar, si no hubiera visto que se echan de menos documentos y datos. Yo conoc\u00ed a esta mujer en la campa\u00f1a al Alto Per\u00fa y la conozco aqu\u00ed; ella pide ahora limosna; porque despu\u00e9s de esa vida durante tantos a\u00f1os, herida y maltratada, no pod\u00eda trabajar naturalmente\u201d.<\/p>\n<p>[\/et_pb_text][\/et_pb_column][et_pb_column type=\u00bb1_3&#8243; _builder_version=\u00bb4.16&#8243; custom_padding=\u00bb|||\u00bb global_colors_info=\u00bb{}\u00bb custom_padding__hover=\u00bb|||\u00bb][et_pb_image src=\u00bbhttps:\/\/salondelasmujeres.ar\/wp-content\/uploads\/2024\/03\/Maria-Remedios-del-Valle_02.jpg\u00bb title_text=\u00bbMaria Remedios del Valle_02&#8243; align=\u00bbcenter\u00bb _builder_version=\u00bb4.24.2&#8243; global_colors_info=\u00bb{}\u00bb][\/et_pb_image][et_pb_text ul_position=\u00bbinside\u00bb _builder_version=\u00bb4.24.2&#8243; text_font=\u00bb||||||||\u00bb ul_font=\u00bb||||||||\u00bb header_font=\u00bb|700|||||||\u00bb header_font_size=\u00bb20px\u00bb header_line_height=\u00bb1.3em\u00bb header_3_font=\u00bb|700|||||||\u00bb header_3_font_size=\u00bb14px\u00bb header_3_line_height=\u00bb1.3em\u00bb text_orientation=\u00bbcenter\u00bb hover_enabled=\u00bb0&#8243; text_text_align=\u00bbcenter\u00bb locked=\u00bboff\u00bb global_colors_info=\u00bb{}\u00bb sticky_enabled=\u00bb0&#8243;]<\/p>\n<h3>Mar\u00eda Remedios del Valle, collage retrato de la \u00e9poca, batalla de Huaqui.<\/h3>\n<p>\u201cLa Madre de la Patria\u201d.<\/p>\n<p>[\/et_pb_text][\/et_pb_column][et_pb_column type=\u00bb1_3&#8243; _builder_version=\u00bb4.16&#8243; custom_padding=\u00bb|||\u00bb global_colors_info=\u00bb{}\u00bb custom_padding__hover=\u00bb|||\u00bb][et_pb_image src=\u00bbhttps:\/\/salondelasmujeres.ar\/wp-content\/uploads\/2024\/03\/Maria-Remedios-del-Valle_03.jpg\u00bb title_text=\u00bbMaria Remedios del Valle_03&#8243; align=\u00bbcenter\u00bb _builder_version=\u00bb4.24.2&#8243; global_colors_info=\u00bb{}\u00bb][\/et_pb_image][et_pb_text ul_position=\u00bbinside\u00bb _builder_version=\u00bb4.24.2&#8243; text_font=\u00bb||||||||\u00bb ul_font=\u00bb||||||||\u00bb header_font=\u00bb|700|||||||\u00bb header_font_size=\u00bb20px\u00bb header_line_height=\u00bb1.3em\u00bb header_3_font=\u00bb|700|||||||\u00bb header_3_font_size=\u00bb14px\u00bb header_3_line_height=\u00bb1.3em\u00bb text_orientation=\u00bbcenter\u00bb hover_enabled=\u00bb0&#8243; text_text_align=\u00bbcenter\u00bb locked=\u00bboff\u00bb global_colors_info=\u00bb{}\u00bb sticky_enabled=\u00bb0&#8243;]<\/p>\n<h3>Mar\u00eda Remedios del Valle, imagen creada con inteligencia artificial en base a los retratos de la \u00e9poca<\/h3>\n<p>Seg\u00fan el tucumano Gregorio Ar\u00e1oz de Lamadrid, dir\u00e1 respecto a la derrota de Belgrano en Ayoh\u00fama:<\/p>\n<p>\u201cEs digno de trasmitirse a la historia una acci\u00f3n sublime que practicaba una morena, hija de Buenos Aires llamada t\u00eda Mar\u00eda y conocida por madre de la Patria, mientras duraba este horroroso ca\u00f1oneo como a las 12 d\u00eda 14 de noviembre y con un sol que abrasaba. Esta morena ten\u00eda dos hijas mozas y se ocupaba con ellas en lavar la ropa de la mayor parte de los jefes u oficiales, pero acompa\u00f1ada de ambas se la vio constantemente conduciendo agua en tres c\u00e1ntaros que llevaban a la cabeza. Desde un lago o vertiente situado entre ambas l\u00edneas y distribuy\u00e9ndola entre los diferentes cuerpos de la nuestra y sin la menor alteraci\u00f3n.\u00bb<\/p>\n<p>[\/et_pb_text][\/et_pb_column][\/et_pb_row][\/et_pb_section][et_pb_section fb_built=\u00bb1&#8243; admin_label=\u00bbResume\u00bb _builder_version=\u00bb4.16&#8243; background_image=\u00bbhttps:\/\/salondelasmujeres.ar\/wp-content\/uploads\/2024\/03\/art-gallery-55.jpg\u00bb background_size=\u00bbinitial\u00bb background_repeat=\u00bbrepeat\u00bb global_colors_info=\u00bb{}\u00bb][et_pb_row custom_padding_last_edited=\u00bboff|phone\u00bb _builder_version=\u00bb4.16&#8243; background_position=\u00bbbottom_center\u00bb custom_padding_tablet=\u00bb17vw||17vw||false\u00bb use_custom_width=\u00bbon\u00bb width_unit=\u00bboff\u00bb custom_width_percent=\u00bb100%\u00bb locked=\u00bboff\u00bb global_colors_info=\u00bb{}\u00bb][et_pb_column type=\u00bb4_4&#8243; _builder_version=\u00bb4.16&#8243; custom_padding=\u00bb|||\u00bb global_colors_info=\u00bb{}\u00bb custom_padding__hover=\u00bb|||\u00bb][et_pb_text _builder_version=\u00bb4.24.2&#8243; text_font=\u00bb||||||||\u00bb header_font=\u00bb||||||||\u00bb header_2_font=\u00bbPrata|500|||||||\u00bb header_2_font_size=\u00bb56px\u00bb header_2_line_height=\u00bb1.3em\u00bb header_3_font=\u00bb|700||on|||||\u00bb header_3_text_color=\u00bbrgba(0,0,0,0.35)\u00bb header_3_font_size=\u00bb12px\u00bb header_3_letter_spacing=\u00bb5px\u00bb header_3_line_height=\u00bb2em\u00bb transform_translate_linked=\u00bboff\u00bb max_width=\u00bb700px\u00bb max_width_tablet=\u00bb70%\u00bb max_width_last_edited=\u00bboff|phone\u00bb module_alignment=\u00bbleft\u00bb header_2_font_size_tablet=\u00bb40px\u00bb header_2_font_size_phone=\u00bb26px\u00bb header_2_font_size_last_edited=\u00bbon|phone\u00bb header_3_font_size_phone=\u00bb10px\u00bb header_3_font_size_last_edited=\u00bboff|desktop\u00bb module_alignment_last_edited=\u00bboff|desktop\u00bb global_colors_info=\u00bb{}\u00bb]<\/p>\n<h3>Biograf\u00eda<\/h3>\n<p>[\/et_pb_text][\/et_pb_column][\/et_pb_row][et_pb_row _builder_version=\u00bb4.16&#8243; global_colors_info=\u00bb{}\u00bb][et_pb_column type=\u00bb4_4&#8243; _builder_version=\u00bb4.16&#8243; custom_padding=\u00bb|||\u00bb global_colors_info=\u00bb{}\u00bb custom_padding__hover=\u00bb|||\u00bb][et_pb_text ul_position=\u00bbinside\u00bb _builder_version=\u00bb4.24.2&#8243; text_font=\u00bb||||||||\u00bb ul_font=\u00bb||||||||\u00bb header_font=\u00bb|700|||||||\u00bb header_font_size=\u00bb20px\u00bb header_line_height=\u00bb1.3em\u00bb header_3_font=\u00bb|700|||||||\u00bb header_3_font_size=\u00bb14px\u00bb header_3_line_height=\u00bb1.3em\u00bb header_4_font=\u00bb|700|||||||\u00bb header_4_font_size=\u00bb14px\u00bb header_4_line_height=\u00bb1.3em\u00bb locked=\u00bboff\u00bb global_colors_info=\u00bb{}\u00bb]<\/p>\n<p>\u200bMar\u00eda Remedios del Valle, nacida en 1766 o 1767 en Buenos Aires, tuvo un origen humilde como mujer \u00abparda\u00bb dentro del sistema colonial de castas. Su vida tom\u00f3 un rumbo extraordinario durante la Segunda Invasi\u00f3n Inglesa al R\u00edo de la Plata, cuando se destac\u00f3 por su valent\u00eda al auxiliar al Tercio de Andaluces en la defensa exitosa de la ciudad.<\/p>\n<p>Con la revoluci\u00f3n de mayo de 1810, Mar\u00eda Remedios se uni\u00f3 al fervor independentista y se integr\u00f3 al Ej\u00e9rcito del Norte, que se preparaba para la expedici\u00f3n al Alto Per\u00fa. En esta campa\u00f1a, acompa\u00f1\u00f3 a su esposo y sus dos hijos, pero lamentablemente ninguno sobrevivi\u00f3. A pesar de la tragedia personal, Mar\u00eda Remedios continu\u00f3 sirviendo como auxiliar durante el avance patriota sobre el Alto Per\u00fa, participando en importantes batallas como la de Huaqui.<\/p>\n<p>Su valent\u00eda y dedicaci\u00f3n la llevaron a ser reconocida por el general Manuel Belgrano, quien la nombr\u00f3 capitana del ej\u00e9rcito. Sin embargo, su camino estuvo marcado por la adversidad. En la batalla de Ayoh\u00fama fue herida y hecha prisionera por las fuerzas realistas. A pesar de su captura, desde el campo de prisioneros continu\u00f3 ayudando a sus camaradas patriotas.<\/p>\n<p>Su sacrificio y sufrimiento durante la guerra de independencia no fueron suficientes para garantizar un futuro estable. Despu\u00e9s del conflicto, Mar\u00eda Remedios enfrent\u00f3 la pobreza y el desamparo en la ciudad de Buenos Aires, donde se vio reducida a la mendicidad. A pesar de sus numerosas heridas y cicatrices, su solicitud de una pensi\u00f3n fue inicialmente rechazada por el gobierno, pero gracias a la intervenci\u00f3n del general Juan Jos\u00e9 Viamonte, finalmente se le otorg\u00f3 una modesta pensi\u00f3n.<\/p>\n<p>El reconocimiento oficial lleg\u00f3 tarde y no estuvo exento de dificultades. Mar\u00eda Remedios del Valle falleci\u00f3 en 1847, pero su legado perdura como un ejemplo de coraje y sacrificio en la lucha por la independencia argentina. Su vida ejemplar nos recuerda la importancia de reconocer y honrar a aquellos que dieron todo por su patria.<\/p>\n<p>[\/et_pb_text][\/et_pb_column][\/et_pb_row][\/et_pb_section]<\/p>\n","protected":false},"excerpt":{"rendered":"<p>Mar\u00eda Remedios del Valle Militar nacida en Buenos Aires en 1766 o 1767 y fallecida en la misma ciudad entre el 28 de octubre y el 8 de noviembre de 1847 Reconocida como una de las \u00abni\u00f1as de Ayoh\u00fama\u00bb, quienes prestaron asistencia al ej\u00e9rcito de Manuel Belgrano en la batalla de Ayoh\u00fama, fue una figura [&hellip;]<\/p>\n","protected":false},"author":1,"featured_media":0,"parent":0,"menu_order":0,"comment_status":"closed","ping_status":"closed","template":"","meta":{"_et_pb_use_builder":"on","_et_pb_old_content":"","_et_gb_content_width":"","footnotes":""},"class_list":["post-278","page","type-page","status-publish","hentry"],"_links":{"self":[{"href":"https:\/\/salondelasmujeres.ar\/index.php?rest_route=\/wp\/v2\/pages\/278","targetHints":{"allow":["GET"]}}],"collection":[{"href":"https:\/\/salondelasmujeres.ar\/index.php?rest_route=\/wp\/v2\/pages"}],"about":[{"href":"https:\/\/salondelasmujeres.ar\/index.php?rest_route=\/wp\/v2\/types\/page"}],"author":[{"embeddable":true,"href":"https:\/\/salondelasmujeres.ar\/index.php?rest_route=\/wp\/v2\/users\/1"}],"replies":[{"embeddable":true,"href":"https:\/\/salondelasmujeres.ar\/index.php?rest_route=%2Fwp%2Fv2%2Fcomments&post=278"}],"version-history":[{"count":6,"href":"https:\/\/salondelasmujeres.ar\/index.php?rest_route=\/wp\/v2\/pages\/278\/revisions"}],"predecessor-version":[{"id":886,"href":"https:\/\/salondelasmujeres.ar\/index.php?rest_route=\/wp\/v2\/pages\/278\/revisions\/886"}],"wp:attachment":[{"href":"https:\/\/salondelasmujeres.ar\/index.php?rest_route=%2Fwp%2Fv2%2Fmedia&parent=278"}],"curies":[{"name":"wp","href":"https:\/\/api.w.org\/{rel}","templated":true}]}}