{"id":1147,"date":"2024-12-26T12:42:08","date_gmt":"2024-12-26T15:42:08","guid":{"rendered":"https:\/\/salondelasmujeres.ar\/?page_id=1147"},"modified":"2024-12-26T12:54:24","modified_gmt":"2024-12-26T15:54:24","slug":"estela-de-carlotto","status":"publish","type":"page","link":"https:\/\/salondelasmujeres.ar\/?page_id=1147","title":{"rendered":"Estela de Carlotto"},"content":{"rendered":"<p>[et_pb_section fb_built=\u00bb1&#8243; custom_padding_last_edited=\u00bboff|desktop\u00bb admin_label=\u00bbHeader\u00bb _builder_version=\u00bb4.16&#8243; background_color_gradient_direction=\u00bb188deg\u00bb background_image=\u00bbhttps:\/\/salondelasmujeres.ar\/wp-content\/uploads\/2024\/03\/art-gallery-55.jpg\u00bb background_size=\u00bbinitial\u00bb background_repeat=\u00bbrepeat\u00bb width=\u00bb100%\u00bb custom_padding_tablet=\u00bb5vw||5vw||true\u00bb global_colors_info=\u00bb{}\u00bb theme_builder_area=\u00bbpost_content\u00bb][et_pb_row custom_padding_last_edited=\u00bboff|phone\u00bb _builder_version=\u00bb4.26.0&#8243; background_position=\u00bbbottom_center\u00bb custom_padding_tablet=\u00bb17vw||17vw||false\u00bb use_custom_width=\u00bbon\u00bb width_unit=\u00bboff\u00bb custom_width_percent=\u00bb100%\u00bb locked=\u00bboff\u00bb global_colors_info=\u00bb{}\u00bb theme_builder_area=\u00bbpost_content\u00bb][et_pb_column type=\u00bb4_4&#8243; _builder_version=\u00bb4.16&#8243; custom_padding=\u00bb|||\u00bb global_colors_info=\u00bb{}\u00bb custom_padding__hover=\u00bb|||\u00bb theme_builder_area=\u00bbpost_content\u00bb][et_pb_text _builder_version=\u00bb4.27.2&#8243; text_font=\u00bb||||||||\u00bb header_font=\u00bb||||||||\u00bb header_2_font=\u00bbPrata|500|||||||\u00bb header_2_text_align=\u00bbleft\u00bb header_2_font_size=\u00bb56px\u00bb header_2_line_height=\u00bb1.3em\u00bb header_4_font=\u00bb|700|||||||\u00bb header_4_font_size=\u00bb16px\u00bb header_4_line_height=\u00bb1.2em\u00bb transform_translate_linked=\u00bboff\u00bb max_width=\u00bb700px\u00bb max_width_tablet=\u00bb70%\u00bb max_width_last_edited=\u00bboff|phone\u00bb hover_enabled=\u00bb0&#8243; header_2_font_size_tablet=\u00bb40px\u00bb header_2_font_size_phone=\u00bb26px\u00bb header_2_font_size_last_edited=\u00bbon|desktop\u00bb global_colors_info=\u00bb{}\u00bb theme_builder_area=\u00bbpost_content\u00bb sticky_enabled=\u00bb0&#8243;]<\/p>\n<h2>Estela de Carlotto<\/h2>\n<h4>Enriqueta Estela Barnes de Carlotto (Buenos Aires, 22 de octubre de 1930) es una destacada activista argentina en la defensa de los derechos humanos y presidenta de la asociaci\u00f3n Abuelas de Plaza de Mayo.<\/h4>\n<p>A fines de 1977, su hija Laura Estela Carlotto fue secuestrada y desaparecida en La Plata, estando embarazada. A trav\u00e9s de relatos y testimonios, Estela pudo reconstruir que Laura dio a luz en cautiverio y que su nieto fue apropiado, siendo su identidad alterada. Estela dedic\u00f3 casi 36 a\u00f1os a la b\u00fasqueda de su nieto. Finalmente, el 4 de agosto de 2014, gracias a una prueba de ADN realizada de forma voluntaria por el interesado, el ni\u00f1o fue identificado, convirti\u00e9ndose en el nieto n\u00famero 114 de los recuperados por Abuelas de Plaza de Mayo.<\/p>\n<p>A lo largo de su incansable lucha, Carlotto ha recibido numerosos reconocimientos, entre ellos el Premio de Derechos Humanos de las Naciones Unidas y el premio F\u00e9lix Houphou\u00ebt-Boigny, otorgado por la Unesco, en reconocimiento a su labor en la defensa de la memoria, la verdad y la justicia.<\/p>\n<p>[\/et_pb_text][\/et_pb_column][\/et_pb_row][\/et_pb_section][et_pb_section fb_built=\u00bb1&#8243; custom_padding_last_edited=\u00bboff|desktop\u00bb admin_label=\u00bbWork\u00bb _builder_version=\u00bb4.16&#8243; background_color_gradient_direction=\u00bb188deg\u00bb background_image=\u00bbhttps:\/\/salondelasmujeres.ar\/wp-content\/uploads\/2024\/03\/art-gallery-55.jpg\u00bb background_size=\u00bbinitial\u00bb background_repeat=\u00bbrepeat\u00bb width=\u00bb100%\u00bb custom_padding_tablet=\u00bb5vw||5vw||true\u00bb global_colors_info=\u00bb{}\u00bb theme_builder_area=\u00bbpost_content\u00bb][et_pb_row custom_padding_last_edited=\u00bboff|phone\u00bb _builder_version=\u00bb4.16&#8243; background_position=\u00bbbottom_center\u00bb custom_padding_tablet=\u00bb17vw||17vw||false\u00bb use_custom_width=\u00bbon\u00bb width_unit=\u00bboff\u00bb custom_width_percent=\u00bb100%\u00bb locked=\u00bboff\u00bb global_colors_info=\u00bb{}\u00bb theme_builder_area=\u00bbpost_content\u00bb][et_pb_column type=\u00bb4_4&#8243; _builder_version=\u00bb4.16&#8243; custom_padding=\u00bb|||\u00bb global_colors_info=\u00bb{}\u00bb custom_padding__hover=\u00bb|||\u00bb theme_builder_area=\u00bbpost_content\u00bb][et_pb_text _builder_version=\u00bb4.24.2&#8243; text_font=\u00bb||||||||\u00bb header_font=\u00bb||||||||\u00bb header_2_font=\u00bbPrata|500|||||||\u00bb header_2_font_size=\u00bb56px\u00bb header_2_line_height=\u00bb1.3em\u00bb header_3_font=\u00bb|700||on|||||\u00bb header_3_text_color=\u00bbrgba(0,0,0,0.35)\u00bb header_3_font_size=\u00bb12px\u00bb header_3_letter_spacing=\u00bb5px\u00bb header_3_line_height=\u00bb2em\u00bb transform_translate_linked=\u00bboff\u00bb text_orientation=\u00bbcenter\u00bb max_width=\u00bb700px\u00bb max_width_tablet=\u00bb70%\u00bb max_width_last_edited=\u00bboff|phone\u00bb module_alignment=\u00bbcenter\u00bb header_2_font_size_tablet=\u00bb40px\u00bb header_2_font_size_phone=\u00bb26px\u00bb header_2_font_size_last_edited=\u00bbon|phone\u00bb header_3_font_size_phone=\u00bb10px\u00bb header_3_font_size_last_edited=\u00bboff|desktop\u00bb module_alignment_last_edited=\u00bboff|desktop\u00bb text_text_align=\u00bbcenter\u00bb global_colors_info=\u00bb{}\u00bb theme_builder_area=\u00bbpost_content\u00bb]<\/p>\n<h3>Un recorrido a trav\u00e9s de<\/h3>\n<h2>Im\u00e1genes y Momentos<\/h2>\n<p>[\/et_pb_text][\/et_pb_column][\/et_pb_row][et_pb_row column_structure=\u00bb1_4,1_4,1_4,1_4&#8243; _builder_version=\u00bb4.16&#8243; global_colors_info=\u00bb{}\u00bb theme_builder_area=\u00bbpost_content\u00bb][et_pb_column type=\u00bb1_4&#8243; _builder_version=\u00bb4.16&#8243; custom_padding=\u00bb|||\u00bb global_colors_info=\u00bb{}\u00bb custom_padding__hover=\u00bb|||\u00bb theme_builder_area=\u00bbpost_content\u00bb][et_pb_image src=\u00bbhttps:\/\/salondelasmujeres.ar\/wp-content\/uploads\/2024\/12\/Estela-de-Carlotto_02.webp\u00bb title_text=\u00bbEstela de Carlotto_02&#8243; align=\u00bbcenter\u00bb _builder_version=\u00bb4.27.2&#8243; hover_enabled=\u00bb0&#8243; global_colors_info=\u00bb{}\u00bb theme_builder_area=\u00bbpost_content\u00bb sticky_enabled=\u00bb0&#8243;][\/et_pb_image][et_pb_text ul_position=\u00bbinside\u00bb _builder_version=\u00bb4.27.2&#8243; text_font=\u00bb||||||||\u00bb ul_font=\u00bb||||||||\u00bb header_font=\u00bb|700|||||||\u00bb header_font_size=\u00bb20px\u00bb header_line_height=\u00bb1.3em\u00bb header_3_font=\u00bb|700|||||||\u00bb header_3_font_size=\u00bb14px\u00bb header_3_line_height=\u00bb1.3em\u00bb text_orientation=\u00bbcenter\u00bb hover_enabled=\u00bb0&#8243; text_text_align=\u00bbcenter\u00bb locked=\u00bboff\u00bb global_colors_info=\u00bb{}\u00bb theme_builder_area=\u00bbpost_content\u00bb sticky_enabled=\u00bb0&#8243;]<\/p>\n<h3>Estela y Laura<\/h3>\n<p><em>\u00abLaura nos mandaba a decir que le daban de comer un poquito mejor y que el beb\u00e9 iba a nacer en junio de ese a\u00f1o, y que si era var\u00f3n lo iba a llamar Guido, como su pap\u00e1. Y que yo lo buscara en la Casa Cuna\u00bb.<\/em> Estela de Carlotto<\/p>\n<p>[\/et_pb_text][\/et_pb_column][et_pb_column type=\u00bb1_4&#8243; _builder_version=\u00bb4.16&#8243; custom_padding=\u00bb|||\u00bb global_colors_info=\u00bb{}\u00bb custom_padding__hover=\u00bb|||\u00bb theme_builder_area=\u00bbpost_content\u00bb][et_pb_image src=\u00bbhttps:\/\/salondelasmujeres.ar\/wp-content\/uploads\/2024\/12\/Estela-de-Carlotto_03.webp\u00bb title_text=\u00bbEstela de Carlotto_03&#8243; align=\u00bbcenter\u00bb _builder_version=\u00bb4.27.2&#8243; hover_enabled=\u00bb0&#8243; global_colors_info=\u00bb{}\u00bb theme_builder_area=\u00bbpost_content\u00bb sticky_enabled=\u00bb0&#8243;][\/et_pb_image][et_pb_text ul_position=\u00bbinside\u00bb _builder_version=\u00bb4.27.2&#8243; text_font=\u00bb||||||||\u00bb ul_font=\u00bb||||||||\u00bb header_font=\u00bb|700|||||||\u00bb header_font_size=\u00bb20px\u00bb header_line_height=\u00bb1.3em\u00bb header_3_font=\u00bb|700|||||||\u00bb header_3_font_size=\u00bb14px\u00bb header_3_line_height=\u00bb1.3em\u00bb text_orientation=\u00bbcenter\u00bb hover_enabled=\u00bb0&#8243; text_text_align=\u00bbcenter\u00bb locked=\u00bboff\u00bb global_colors_info=\u00bb{}\u00bb theme_builder_area=\u00bbpost_content\u00bb sticky_enabled=\u00bb0&#8243;]<\/p>\n<h3>Palabras de Laura<\/h3>\n<p>Laura en el cautiverio dijo:<em> \u00abMi mam\u00e1 no les va a perdonar a los milicos lo que me est\u00e1n haciendo. Y los va a perseguir mientras tenga vida\u00bb<\/em>.\u00a0<\/p>\n<p>[\/et_pb_text][\/et_pb_column][et_pb_column type=\u00bb1_4&#8243; _builder_version=\u00bb4.16&#8243; custom_padding=\u00bb|||\u00bb global_colors_info=\u00bb{}\u00bb custom_padding__hover=\u00bb|||\u00bb theme_builder_area=\u00bbpost_content\u00bb][et_pb_image src=\u00bbhttps:\/\/salondelasmujeres.ar\/wp-content\/uploads\/2024\/12\/Estela-de-Carlotto_01.webp\u00bb title_text=\u00bbEstela de Carlotto_01&#8243; align=\u00bbcenter\u00bb _builder_version=\u00bb4.27.2&#8243; hover_enabled=\u00bb0&#8243; global_colors_info=\u00bb{}\u00bb theme_builder_area=\u00bbpost_content\u00bb sticky_enabled=\u00bb0&#8243;][\/et_pb_image][et_pb_text ul_position=\u00bbinside\u00bb _builder_version=\u00bb4.27.2&#8243; text_font=\u00bb||||||||\u00bb ul_font=\u00bb||||||||\u00bb header_font=\u00bb|700|||||||\u00bb header_font_size=\u00bb20px\u00bb header_line_height=\u00bb1.3em\u00bb header_3_font=\u00bb|700|||||||\u00bb header_3_font_size=\u00bb14px\u00bb header_3_line_height=\u00bb1.3em\u00bb text_orientation=\u00bbcenter\u00bb hover_enabled=\u00bb0&#8243; text_text_align=\u00bbcenter\u00bb locked=\u00bboff\u00bb global_colors_info=\u00bb{}\u00bb theme_builder_area=\u00bbpost_content\u00bb sticky_enabled=\u00bb0&#8243;]<\/p>\n<h3>Abuelas de Plaza de Mayo<\/h3>\n<p>En abril de 1978, Carlotto comenz\u00f3 a participar en las actividades de las Abuelas de Plaza de Mayo.<\/p>\n<p>[\/et_pb_text][\/et_pb_column][et_pb_column type=\u00bb1_4&#8243; _builder_version=\u00bb4.16&#8243; custom_padding=\u00bb|||\u00bb global_colors_info=\u00bb{}\u00bb custom_padding__hover=\u00bb|||\u00bb theme_builder_area=\u00bbpost_content\u00bb][et_pb_image src=\u00bbhttps:\/\/salondelasmujeres.ar\/wp-content\/uploads\/2024\/12\/Estela-de-Carlotto_04.webp\u00bb title_text=\u00bbEstela de Carlotto_04&#8243; align=\u00bbcenter\u00bb _builder_version=\u00bb4.27.2&#8243; hover_enabled=\u00bb0&#8243; global_colors_info=\u00bb{}\u00bb theme_builder_area=\u00bbpost_content\u00bb sticky_enabled=\u00bb0&#8243;][\/et_pb_image][et_pb_text ul_position=\u00bbinside\u00bb _builder_version=\u00bb4.27.2&#8243; text_font=\u00bb||||||||\u00bb ul_font=\u00bb||||||||\u00bb header_font=\u00bb|700|||||||\u00bb header_font_size=\u00bb20px\u00bb header_line_height=\u00bb1.3em\u00bb header_3_font=\u00bb|700|||||||\u00bb header_3_font_size=\u00bb14px\u00bb header_3_line_height=\u00bb1.3em\u00bb text_orientation=\u00bbcenter\u00bb hover_enabled=\u00bb0&#8243; text_text_align=\u00bbcenter\u00bb locked=\u00bboff\u00bb global_colors_info=\u00bb{}\u00bb theme_builder_area=\u00bbpost_content\u00bb sticky_enabled=\u00bb0&#8243;]<\/p>\n<h3>Ignacio Guido Carlotto Montoya<\/h3>\n<p>El 4 de agosto de 2014, tras una comprobaci\u00f3n de ADN hecha voluntariamente por el interesado, su nieto fue identificado, y se convirti\u00f3 en el n\u00famero 114 de la lista de nietos recuperados.<\/p>\n<p>[\/et_pb_text][\/et_pb_column][\/et_pb_row][\/et_pb_section][et_pb_section fb_built=\u00bb1&#8243; admin_label=\u00bbResume\u00bb _builder_version=\u00bb4.16&#8243; background_image=\u00bbhttps:\/\/salondelasmujeres.ar\/wp-content\/uploads\/2024\/03\/art-gallery-55.jpg\u00bb background_size=\u00bbinitial\u00bb background_repeat=\u00bbrepeat\u00bb global_colors_info=\u00bb{}\u00bb theme_builder_area=\u00bbpost_content\u00bb][et_pb_row custom_padding_last_edited=\u00bboff|phone\u00bb _builder_version=\u00bb4.16&#8243; background_position=\u00bbbottom_center\u00bb custom_padding_tablet=\u00bb17vw||17vw||false\u00bb use_custom_width=\u00bbon\u00bb width_unit=\u00bboff\u00bb custom_width_percent=\u00bb100%\u00bb locked=\u00bboff\u00bb global_colors_info=\u00bb{}\u00bb theme_builder_area=\u00bbpost_content\u00bb][et_pb_column type=\u00bb4_4&#8243; _builder_version=\u00bb4.16&#8243; custom_padding=\u00bb|||\u00bb global_colors_info=\u00bb{}\u00bb custom_padding__hover=\u00bb|||\u00bb theme_builder_area=\u00bbpost_content\u00bb][et_pb_text _builder_version=\u00bb4.24.2&#8243; text_font=\u00bb||||||||\u00bb header_font=\u00bb||||||||\u00bb header_2_font=\u00bbPrata|500|||||||\u00bb header_2_font_size=\u00bb56px\u00bb header_2_line_height=\u00bb1.3em\u00bb header_3_font=\u00bb|700||on|||||\u00bb header_3_text_color=\u00bbrgba(0,0,0,0.35)\u00bb header_3_font_size=\u00bb12px\u00bb header_3_letter_spacing=\u00bb5px\u00bb header_3_line_height=\u00bb2em\u00bb transform_translate_linked=\u00bboff\u00bb max_width=\u00bb700px\u00bb max_width_tablet=\u00bb70%\u00bb max_width_last_edited=\u00bboff|phone\u00bb module_alignment=\u00bbleft\u00bb header_2_font_size_tablet=\u00bb40px\u00bb header_2_font_size_phone=\u00bb26px\u00bb header_2_font_size_last_edited=\u00bbon|phone\u00bb header_3_font_size_phone=\u00bb10px\u00bb header_3_font_size_last_edited=\u00bboff|desktop\u00bb module_alignment_last_edited=\u00bboff|desktop\u00bb global_colors_info=\u00bb{}\u00bb theme_builder_area=\u00bbpost_content\u00bb]<\/p>\n<h3>Biograf\u00eda<\/h3>\n<p>[\/et_pb_text][\/et_pb_column][\/et_pb_row][et_pb_row _builder_version=\u00bb4.27.2&#8243; hover_enabled=\u00bb0&#8243; global_colors_info=\u00bb{}\u00bb theme_builder_area=\u00bbpost_content\u00bb sticky_enabled=\u00bb0&#8243;][et_pb_column type=\u00bb4_4&#8243; _builder_version=\u00bb4.16&#8243; custom_padding=\u00bb|||\u00bb global_colors_info=\u00bb{}\u00bb custom_padding__hover=\u00bb|||\u00bb theme_builder_area=\u00bbpost_content\u00bb][et_pb_text ul_position=\u00bbinside\u00bb _builder_version=\u00bb4.27.2&#8243; text_font=\u00bb||||||||\u00bb ul_font=\u00bb||||||||\u00bb header_font=\u00bb|700|||||||\u00bb header_font_size=\u00bb20px\u00bb header_line_height=\u00bb1.3em\u00bb header_3_font=\u00bb|700|||||||\u00bb header_3_font_size=\u00bb14px\u00bb header_3_line_height=\u00bb1.3em\u00bb header_4_font=\u00bb|700|||||||\u00bb header_4_font_size=\u00bb14px\u00bb header_4_line_height=\u00bb1.3em\u00bb hover_enabled=\u00bb0&#8243; locked=\u00bboff\u00bb global_colors_info=\u00bb{}\u00bb theme_builder_area=\u00bbpost_content\u00bb sticky_enabled=\u00bb0&#8243;]<\/p>\n<p>Su vida dio un giro dram\u00e1tico cuando, en 1977, Laura fue secuestrada por la dictadura militar. Laura, que estaba embarazada, fue detenida junto a su compa\u00f1ero y mantenida en cautiverio.<\/p>\n<p>Durante su detenci\u00f3n, Laura dio a luz en condiciones inhumanas, y poco despu\u00e9s fue asesinada. Su beb\u00e9 fue sustra\u00eddo y le fue robada su identidad. El ni\u00f1o fue entregado ilegalmente a una familia adoptiva, y su verdadero origen fue ocultado, un crimen que se encuentra enmarcado dentro de los delitos de lesa humanidad cometidos por la dictadura en el contexto del robo de beb\u00e9s. Estela nunca dej\u00f3 de buscar a su nieto, y con el paso de los a\u00f1os se convirti\u00f3 en una de las figuras m\u00e1s prominentes en la lucha por la <strong>restituci\u00f3n de la identidad de los ni\u00f1os y ni\u00f1as apropiados durante la dictadura<\/strong>.<\/p>\n<p>Estela se uni\u00f3 a las Madres de Plaza de Mayo, y en 1979 fue una de las fundadoras de <strong>Abuelas de Plaza de Mayo<\/strong>, organizaci\u00f3n que se centr\u00f3 en la b\u00fasqueda de los nietos y nietas robados por la dictadura. Desde su dolor personal, Estela canaliz\u00f3 su energ\u00eda en la b\u00fasqueda incansable de la verdad y la justicia, visibilizando uno de los cr\u00edmenes m\u00e1s aberrantes del r\u00e9gimen: el robo de beb\u00e9s, que dej\u00f3 miles de ni\u00f1os y ni\u00f1as con identidades falsas y alejados de sus familias biol\u00f3gicas.<\/p>\n<p>A lo largo de los a\u00f1os, Estela y las Abuelas enfrentaron numerosas dificultades, amenazas y represi\u00f3n por parte de la dictadura, pero nunca abandonaron su lucha. La desaparici\u00f3n de su nieto represent\u00f3 para Estela la herida m\u00e1s profunda, pero tambi\u00e9n la motivaci\u00f3n para unirse a todas las abuelas que, como ella, buscaban la restituci\u00f3n de los ni\u00f1os robados. Su incansable b\u00fasqueda fue un s\u00edmbolo de resistencia en medio de la tragedia, y su figura se convirti\u00f3 en un faro de esperanza para otras familias que atravesaban el mismo dolor.<\/p>\n<p>Finalmente, en 2014, despu\u00e9s de m\u00e1s de 30 a\u00f1os de lucha, Estela vivi\u00f3 un momento de profunda emoci\u00f3n cuando su nieto Guido, quien ya ten\u00eda 36 a\u00f1os, fue identificado y restituy\u00f3 su verdadera identidad. El reencuentro de Estela con Guido fue un acto de justicia que signific\u00f3 no solo la recuperaci\u00f3n de un ser querido, sino tambi\u00e9n la victoria de las Abuelas sobre la impunidad y el olvido. Este reencuentro fue un testimonio de la importancia de la memoria, la verdad y la justicia, y reflej\u00f3 el trabajo incansable de Estela y las Abuelas en la recuperaci\u00f3n de m\u00e1s de 130 nietos. El nieto de Carlotto adopt\u00f3 el nombre de Ignacio Guido Carlotto Montoya, conservando as\u00ed parte de su nombre original y tomando el nombre y apellidos de sus padres reales.<\/p>\n<p>El activismo de Estela trascendi\u00f3 las fronteras de Argentina, convirti\u00e9ndola en una figura internacionalmente reconocida por su defensa de los derechos humanos. A lo largo de su vida, Estela no solo luch\u00f3 por la restituci\u00f3n de la identidad de los ni\u00f1os apropiados, sino tambi\u00e9n por la memoria de los desaparecidos y la justicia por los cr\u00edmenes de la dictadura. Su trabajo en Abuelas de Plaza de Mayo ayud\u00f3 a visibilizar los cr\u00edmenes de lesa humanidad, y su incansable lucha la convirti\u00f3 en un \u00edcono de la resistencia pac\u00edfica.<\/p>\n<p>Hoy, Estela sigue activa en su lucha, convencida de que la memoria es fundamental para evitar que los horrores del pasado se repitan. La restituci\u00f3n de Guido no solo fue un triunfo personal, sino tambi\u00e9n un triunfo colectivo que marc\u00f3 un hito en la historia de los derechos humanos en nuestro pa\u00eds. El legado de Estela de Carlotto, tanto a nivel nacional como internacional, sigue siendo una inspiraci\u00f3n para quienes defienden la justicia, la reparaci\u00f3n y la memoria.<\/p>\n<p>[\/et_pb_text][\/et_pb_column][\/et_pb_row][\/et_pb_section]<\/p>\n","protected":false},"excerpt":{"rendered":"<p>Estela de Carlotto Enriqueta Estela Barnes de Carlotto (Buenos Aires, 22 de octubre de 1930) es una destacada activista argentina en la defensa de los derechos humanos y presidenta de la asociaci\u00f3n Abuelas de Plaza de Mayo. A fines de 1977, su hija Laura Estela Carlotto fue secuestrada y desaparecida en La Plata, estando embarazada. [&hellip;]<\/p>\n","protected":false},"author":1,"featured_media":0,"parent":0,"menu_order":0,"comment_status":"closed","ping_status":"closed","template":"","meta":{"_et_pb_use_builder":"on","_et_pb_old_content":"","_et_gb_content_width":"","footnotes":""},"class_list":["post-1147","page","type-page","status-publish","hentry"],"_links":{"self":[{"href":"https:\/\/salondelasmujeres.ar\/index.php?rest_route=\/wp\/v2\/pages\/1147","targetHints":{"allow":["GET"]}}],"collection":[{"href":"https:\/\/salondelasmujeres.ar\/index.php?rest_route=\/wp\/v2\/pages"}],"about":[{"href":"https:\/\/salondelasmujeres.ar\/index.php?rest_route=\/wp\/v2\/types\/page"}],"author":[{"embeddable":true,"href":"https:\/\/salondelasmujeres.ar\/index.php?rest_route=\/wp\/v2\/users\/1"}],"replies":[{"embeddable":true,"href":"https:\/\/salondelasmujeres.ar\/index.php?rest_route=%2Fwp%2Fv2%2Fcomments&post=1147"}],"version-history":[{"count":6,"href":"https:\/\/salondelasmujeres.ar\/index.php?rest_route=\/wp\/v2\/pages\/1147\/revisions"}],"predecessor-version":[{"id":1155,"href":"https:\/\/salondelasmujeres.ar\/index.php?rest_route=\/wp\/v2\/pages\/1147\/revisions\/1155"}],"wp:attachment":[{"href":"https:\/\/salondelasmujeres.ar\/index.php?rest_route=%2Fwp%2Fv2%2Fmedia&parent=1147"}],"curies":[{"name":"wp","href":"https:\/\/api.w.org\/{rel}","templated":true}]}}