{"id":1127,"date":"2024-12-26T11:38:53","date_gmt":"2024-12-26T14:38:53","guid":{"rendered":"https:\/\/salondelasmujeres.ar\/?page_id=1127"},"modified":"2024-12-26T11:39:08","modified_gmt":"2024-12-26T14:39:08","slug":"macacha-guemes","status":"publish","type":"page","link":"https:\/\/salondelasmujeres.ar\/?page_id=1127","title":{"rendered":"Macacha G\u00fcemes"},"content":{"rendered":"<p>[et_pb_section fb_built=\u00bb1&#8243; custom_padding_last_edited=\u00bboff|desktop\u00bb admin_label=\u00bbHeader\u00bb _builder_version=\u00bb4.16&#8243; background_color_gradient_direction=\u00bb188deg\u00bb background_image=\u00bbhttps:\/\/salondelasmujeres.ar\/wp-content\/uploads\/2024\/03\/art-gallery-55.jpg\u00bb background_size=\u00bbinitial\u00bb background_repeat=\u00bbrepeat\u00bb width=\u00bb100%\u00bb custom_padding_tablet=\u00bb5vw||5vw||true\u00bb global_colors_info=\u00bb{}\u00bb theme_builder_area=\u00bbpost_content\u00bb][et_pb_row custom_padding_last_edited=\u00bboff|phone\u00bb _builder_version=\u00bb4.26.0&#8243; background_position=\u00bbbottom_center\u00bb custom_padding_tablet=\u00bb17vw||17vw||false\u00bb use_custom_width=\u00bbon\u00bb width_unit=\u00bboff\u00bb custom_width_percent=\u00bb100%\u00bb locked=\u00bboff\u00bb global_colors_info=\u00bb{}\u00bb theme_builder_area=\u00bbpost_content\u00bb][et_pb_column type=\u00bb4_4&#8243; _builder_version=\u00bb4.16&#8243; custom_padding=\u00bb|||\u00bb global_colors_info=\u00bb{}\u00bb custom_padding__hover=\u00bb|||\u00bb theme_builder_area=\u00bbpost_content\u00bb][et_pb_text _builder_version=\u00bb4.27.2&#8243; text_font=\u00bb||||||||\u00bb header_font=\u00bb||||||||\u00bb header_2_font=\u00bbPrata|500|||||||\u00bb header_2_text_align=\u00bbleft\u00bb header_2_font_size=\u00bb56px\u00bb header_2_line_height=\u00bb1.3em\u00bb header_4_font=\u00bb|700|||||||\u00bb header_4_font_size=\u00bb16px\u00bb header_4_line_height=\u00bb1.2em\u00bb transform_translate_linked=\u00bboff\u00bb max_width=\u00bb700px\u00bb max_width_tablet=\u00bb70%\u00bb max_width_last_edited=\u00bboff|phone\u00bb hover_enabled=\u00bb0&#8243; header_2_font_size_tablet=\u00bb40px\u00bb header_2_font_size_phone=\u00bb26px\u00bb header_2_font_size_last_edited=\u00bbon|desktop\u00bb global_colors_info=\u00bb{}\u00bb theme_builder_area=\u00bbpost_content\u00bb sticky_enabled=\u00bb0&#8243;]<\/p>\n<h2>Macacha G\u00fcemes, Mar\u00eda Magdalena D\u00e1masa G\u00fcemes de Tejada<\/h2>\n<h4>Mar\u00eda Magdalena D\u00e1masa G\u00fcemes de Tejada, conocida cari\u00f1osamente como Macacha G\u00fcemes, naci\u00f3 el 11 de diciembre de 1787 en la ciudad de Salta, entonces parte del Virreinato del R\u00edo de la Plata. Fue la sexta de ocho hijos de una familia de abolengo, hija de Gabriel de G\u00fcemes Montero, tesorero real de la Corona espa\u00f1ola, y Magdalena Goyechea, descendiente de los conquistadores espa\u00f1oles. Su hermano mayor, Mart\u00edn Miguel de G\u00fcemes, ser\u00eda el c\u00e9lebre l\u00edder de la resistencia gaucha en el norte argentino.<\/h4>\n<p>Desde peque\u00f1a, Macacha se destac\u00f3 por recibir una educaci\u00f3n poco com\u00fan para las mujeres de su tiempo. A los cinco a\u00f1os, aprendi\u00f3 a leer bajo la instrucci\u00f3n de su padre, un privilegio reservado para unas pocas mujeres de su clase. Tambi\u00e9n mostr\u00f3 habilidades art\u00edsticas, estudiando piano y flauta, y se form\u00f3 seg\u00fan los ideales tradicionales de su \u00e9poca, aunque su esp\u00edritu indomable pronto la llevar\u00eda m\u00e1s all\u00e1 de los l\u00edmites que la sociedad impon\u00eda a las mujeres.<\/p>\n<p>[\/et_pb_text][\/et_pb_column][\/et_pb_row][\/et_pb_section][et_pb_section fb_built=\u00bb1&#8243; custom_padding_last_edited=\u00bboff|desktop\u00bb admin_label=\u00bbWork\u00bb _builder_version=\u00bb4.16&#8243; background_color_gradient_direction=\u00bb188deg\u00bb background_image=\u00bbhttps:\/\/salondelasmujeres.ar\/wp-content\/uploads\/2024\/03\/art-gallery-55.jpg\u00bb background_size=\u00bbinitial\u00bb background_repeat=\u00bbrepeat\u00bb width=\u00bb100%\u00bb custom_padding_tablet=\u00bb5vw||5vw||true\u00bb global_colors_info=\u00bb{}\u00bb theme_builder_area=\u00bbpost_content\u00bb][et_pb_row custom_padding_last_edited=\u00bboff|phone\u00bb _builder_version=\u00bb4.16&#8243; background_position=\u00bbbottom_center\u00bb custom_padding_tablet=\u00bb17vw||17vw||false\u00bb use_custom_width=\u00bbon\u00bb width_unit=\u00bboff\u00bb custom_width_percent=\u00bb100%\u00bb locked=\u00bboff\u00bb global_colors_info=\u00bb{}\u00bb theme_builder_area=\u00bbpost_content\u00bb][et_pb_column type=\u00bb4_4&#8243; _builder_version=\u00bb4.16&#8243; custom_padding=\u00bb|||\u00bb global_colors_info=\u00bb{}\u00bb custom_padding__hover=\u00bb|||\u00bb theme_builder_area=\u00bbpost_content\u00bb][et_pb_text _builder_version=\u00bb4.24.2&#8243; text_font=\u00bb||||||||\u00bb header_font=\u00bb||||||||\u00bb header_2_font=\u00bbPrata|500|||||||\u00bb header_2_font_size=\u00bb56px\u00bb header_2_line_height=\u00bb1.3em\u00bb header_3_font=\u00bb|700||on|||||\u00bb header_3_text_color=\u00bbrgba(0,0,0,0.35)\u00bb header_3_font_size=\u00bb12px\u00bb header_3_letter_spacing=\u00bb5px\u00bb header_3_line_height=\u00bb2em\u00bb transform_translate_linked=\u00bboff\u00bb text_orientation=\u00bbcenter\u00bb max_width=\u00bb700px\u00bb max_width_tablet=\u00bb70%\u00bb max_width_last_edited=\u00bboff|phone\u00bb module_alignment=\u00bbcenter\u00bb header_2_font_size_tablet=\u00bb40px\u00bb header_2_font_size_phone=\u00bb26px\u00bb header_2_font_size_last_edited=\u00bbon|phone\u00bb header_3_font_size_phone=\u00bb10px\u00bb header_3_font_size_last_edited=\u00bboff|desktop\u00bb module_alignment_last_edited=\u00bboff|desktop\u00bb text_text_align=\u00bbcenter\u00bb global_colors_info=\u00bb{}\u00bb theme_builder_area=\u00bbpost_content\u00bb]<\/p>\n<h3>Un recorrido a trav\u00e9s de<\/h3>\n<h2>Im\u00e1genes y Momentos<\/h2>\n<p>[\/et_pb_text][\/et_pb_column][\/et_pb_row][et_pb_row column_structure=\u00bb1_4,1_4,1_4,1_4&#8243; _builder_version=\u00bb4.16&#8243; global_colors_info=\u00bb{}\u00bb theme_builder_area=\u00bbpost_content\u00bb][et_pb_column type=\u00bb1_4&#8243; _builder_version=\u00bb4.16&#8243; custom_padding=\u00bb|||\u00bb global_colors_info=\u00bb{}\u00bb custom_padding__hover=\u00bb|||\u00bb theme_builder_area=\u00bbpost_content\u00bb][et_pb_image src=\u00bbhttps:\/\/salondelasmujeres.ar\/wp-content\/uploads\/2024\/12\/Macacha-Guemes_02.webp\u00bb title_text=\u00bbMacacha Guemes_02&#8243; align=\u00bbcenter\u00bb _builder_version=\u00bb4.27.2&#8243; hover_enabled=\u00bb0&#8243; global_colors_info=\u00bb{}\u00bb theme_builder_area=\u00bbpost_content\u00bb sticky_enabled=\u00bb0&#8243;][\/et_pb_image][et_pb_text ul_position=\u00bbinside\u00bb _builder_version=\u00bb4.27.2&#8243; text_font=\u00bb||||||||\u00bb ul_font=\u00bb||||||||\u00bb header_font=\u00bb|700|||||||\u00bb header_font_size=\u00bb20px\u00bb header_line_height=\u00bb1.3em\u00bb header_3_font=\u00bb|700|||||||\u00bb header_3_font_size=\u00bb14px\u00bb header_3_line_height=\u00bb1.3em\u00bb text_orientation=\u00bbcenter\u00bb hover_enabled=\u00bb0&#8243; text_text_align=\u00bbcenter\u00bb locked=\u00bboff\u00bb global_colors_info=\u00bb{}\u00bb theme_builder_area=\u00bbpost_content\u00bb sticky_enabled=\u00bb0&#8243;]<\/p>\n<h3>Macacha G\u00fcemes<\/h3>\n<p>Las memorias de la \u00e9poca cuentan que hablar con Macacha era como hablar con el mism\u00edsimo G\u00fcemes.<\/p>\n<p>[\/et_pb_text][\/et_pb_column][et_pb_column type=\u00bb1_4&#8243; _builder_version=\u00bb4.16&#8243; custom_padding=\u00bb|||\u00bb global_colors_info=\u00bb{}\u00bb custom_padding__hover=\u00bb|||\u00bb theme_builder_area=\u00bbpost_content\u00bb][et_pb_image src=\u00bbhttps:\/\/salondelasmujeres.ar\/wp-content\/uploads\/2024\/12\/Macacha-Guemes_01.webp\u00bb title_text=\u00bbMacacha Guemes_01&#8243; align=\u00bbcenter\u00bb _builder_version=\u00bb4.27.2&#8243; hover_enabled=\u00bb0&#8243; global_colors_info=\u00bb{}\u00bb theme_builder_area=\u00bbpost_content\u00bb sticky_enabled=\u00bb0&#8243;][\/et_pb_image][et_pb_text ul_position=\u00bbinside\u00bb _builder_version=\u00bb4.27.2&#8243; text_font=\u00bb||||||||\u00bb ul_font=\u00bb||||||||\u00bb header_font=\u00bb|700|||||||\u00bb header_font_size=\u00bb20px\u00bb header_line_height=\u00bb1.3em\u00bb header_3_font=\u00bb|700|||||||\u00bb header_3_font_size=\u00bb14px\u00bb header_3_line_height=\u00bb1.3em\u00bb text_orientation=\u00bbcenter\u00bb hover_enabled=\u00bb0&#8243; text_text_align=\u00bbcenter\u00bb locked=\u00bboff\u00bb global_colors_info=\u00bb{}\u00bb theme_builder_area=\u00bbpost_content\u00bb sticky_enabled=\u00bb0&#8243;]<\/p>\n<h3>Macacha G\u00fcemes<\/h3>\n<p>Nueve hermanos y hermanas fueron los G\u00fcemes, dos mujeres y siete varones. Macacha fue la segunda hija mayor.<\/p>\n<p>[\/et_pb_text][\/et_pb_column][et_pb_column type=\u00bb1_4&#8243; _builder_version=\u00bb4.16&#8243; custom_padding=\u00bb|||\u00bb global_colors_info=\u00bb{}\u00bb custom_padding__hover=\u00bb|||\u00bb theme_builder_area=\u00bbpost_content\u00bb][et_pb_image src=\u00bbhttps:\/\/salondelasmujeres.ar\/wp-content\/uploads\/2024\/12\/Macacha-Guemes_04.webp\u00bb title_text=\u00bbMacacha Guemes_04&#8243; align=\u00bbcenter\u00bb _builder_version=\u00bb4.27.2&#8243; hover_enabled=\u00bb0&#8243; global_colors_info=\u00bb{}\u00bb theme_builder_area=\u00bbpost_content\u00bb sticky_enabled=\u00bb0&#8243;][\/et_pb_image][et_pb_text ul_position=\u00bbinside\u00bb _builder_version=\u00bb4.27.2&#8243; text_font=\u00bb||||||||\u00bb ul_font=\u00bb||||||||\u00bb header_font=\u00bb|700|||||||\u00bb header_font_size=\u00bb20px\u00bb header_line_height=\u00bb1.3em\u00bb header_3_font=\u00bb|700|||||||\u00bb header_3_font_size=\u00bb14px\u00bb header_3_line_height=\u00bb1.3em\u00bb text_orientation=\u00bbcenter\u00bb hover_enabled=\u00bb0&#8243; text_text_align=\u00bbcenter\u00bb locked=\u00bboff\u00bb global_colors_info=\u00bb{}\u00bb theme_builder_area=\u00bbpost_content\u00bb sticky_enabled=\u00bb0&#8243;]<\/p>\n<h3>Orden de G\u00fcemes a uno de sus capitanes de milicias<\/h3>\n<p>Se dice que cabalgaba junto a su hermano arengando a las tropas y que su opini\u00f3n era muy respetada por su hermano como por los jefes militares.<\/p>\n<p>[\/et_pb_text][\/et_pb_column][et_pb_column type=\u00bb1_4&#8243; _builder_version=\u00bb4.16&#8243; custom_padding=\u00bb|||\u00bb global_colors_info=\u00bb{}\u00bb custom_padding__hover=\u00bb|||\u00bb theme_builder_area=\u00bbpost_content\u00bb][et_pb_image src=\u00bbhttps:\/\/salondelasmujeres.ar\/wp-content\/uploads\/2024\/12\/Macacha-Guemes_03.webp\u00bb title_text=\u00bbMacacha Guemes_03&#8243; align=\u00bbcenter\u00bb _builder_version=\u00bb4.27.2&#8243; hover_enabled=\u00bb0&#8243; global_colors_info=\u00bb{}\u00bb theme_builder_area=\u00bbpost_content\u00bb sticky_enabled=\u00bb0&#8243;][\/et_pb_image][et_pb_text ul_position=\u00bbinside\u00bb _builder_version=\u00bb4.27.2&#8243; text_font=\u00bb||||||||\u00bb ul_font=\u00bb||||||||\u00bb header_font=\u00bb|700|||||||\u00bb header_font_size=\u00bb20px\u00bb header_line_height=\u00bb1.3em\u00bb header_3_font=\u00bb|700|||||||\u00bb header_3_font_size=\u00bb14px\u00bb header_3_line_height=\u00bb1.3em\u00bb text_orientation=\u00bbcenter\u00bb hover_enabled=\u00bb0&#8243; text_text_align=\u00bbcenter\u00bb locked=\u00bboff\u00bb global_colors_info=\u00bb{}\u00bb theme_builder_area=\u00bbpost_content\u00bb sticky_enabled=\u00bb0&#8243;]<\/p>\n<h3>Mapa del \u00abcamino real\u00bb de Salta hasta Buenos Aires<\/h3>\n<p>G\u00fcemes es una pieza fundamental en el proyecto estrat\u00e9gico de San Mart\u00edn, es parte del proyecto emancipador sanmartiniano.<\/p>\n<p>[\/et_pb_text][\/et_pb_column][\/et_pb_row][\/et_pb_section][et_pb_section fb_built=\u00bb1&#8243; admin_label=\u00bbResume\u00bb _builder_version=\u00bb4.16&#8243; background_image=\u00bbhttps:\/\/salondelasmujeres.ar\/wp-content\/uploads\/2024\/03\/art-gallery-55.jpg\u00bb background_size=\u00bbinitial\u00bb background_repeat=\u00bbrepeat\u00bb global_colors_info=\u00bb{}\u00bb theme_builder_area=\u00bbpost_content\u00bb][et_pb_row custom_padding_last_edited=\u00bboff|phone\u00bb _builder_version=\u00bb4.16&#8243; background_position=\u00bbbottom_center\u00bb custom_padding_tablet=\u00bb17vw||17vw||false\u00bb use_custom_width=\u00bbon\u00bb width_unit=\u00bboff\u00bb custom_width_percent=\u00bb100%\u00bb locked=\u00bboff\u00bb global_colors_info=\u00bb{}\u00bb theme_builder_area=\u00bbpost_content\u00bb][et_pb_column type=\u00bb4_4&#8243; _builder_version=\u00bb4.16&#8243; custom_padding=\u00bb|||\u00bb global_colors_info=\u00bb{}\u00bb custom_padding__hover=\u00bb|||\u00bb theme_builder_area=\u00bbpost_content\u00bb][et_pb_text _builder_version=\u00bb4.24.2&#8243; text_font=\u00bb||||||||\u00bb header_font=\u00bb||||||||\u00bb header_2_font=\u00bbPrata|500|||||||\u00bb header_2_font_size=\u00bb56px\u00bb header_2_line_height=\u00bb1.3em\u00bb header_3_font=\u00bb|700||on|||||\u00bb header_3_text_color=\u00bbrgba(0,0,0,0.35)\u00bb header_3_font_size=\u00bb12px\u00bb header_3_letter_spacing=\u00bb5px\u00bb header_3_line_height=\u00bb2em\u00bb transform_translate_linked=\u00bboff\u00bb max_width=\u00bb700px\u00bb max_width_tablet=\u00bb70%\u00bb max_width_last_edited=\u00bboff|phone\u00bb module_alignment=\u00bbleft\u00bb header_2_font_size_tablet=\u00bb40px\u00bb header_2_font_size_phone=\u00bb26px\u00bb header_2_font_size_last_edited=\u00bbon|phone\u00bb header_3_font_size_phone=\u00bb10px\u00bb header_3_font_size_last_edited=\u00bboff|desktop\u00bb module_alignment_last_edited=\u00bboff|desktop\u00bb global_colors_info=\u00bb{}\u00bb theme_builder_area=\u00bbpost_content\u00bb]<\/p>\n<h3>Biograf\u00eda<\/h3>\n<p>[\/et_pb_text][\/et_pb_column][\/et_pb_row][et_pb_row _builder_version=\u00bb4.16&#8243; global_colors_info=\u00bb{}\u00bb theme_builder_area=\u00bbpost_content\u00bb][et_pb_column type=\u00bb4_4&#8243; _builder_version=\u00bb4.16&#8243; custom_padding=\u00bb|||\u00bb global_colors_info=\u00bb{}\u00bb custom_padding__hover=\u00bb|||\u00bb theme_builder_area=\u00bbpost_content\u00bb][et_pb_text ul_position=\u00bbinside\u00bb _builder_version=\u00bb4.27.2&#8243; text_font=\u00bb||||||||\u00bb ul_font=\u00bb||||||||\u00bb header_font=\u00bb|700|||||||\u00bb header_font_size=\u00bb20px\u00bb header_line_height=\u00bb1.3em\u00bb header_3_font=\u00bb|700|||||||\u00bb header_3_font_size=\u00bb14px\u00bb header_3_line_height=\u00bb1.3em\u00bb header_4_font=\u00bb|700|||||||\u00bb header_4_font_size=\u00bb14px\u00bb header_4_line_height=\u00bb1.3em\u00bb hover_enabled=\u00bb0&#8243; locked=\u00bboff\u00bb global_colors_info=\u00bb{}\u00bb theme_builder_area=\u00bbpost_content\u00bb sticky_enabled=\u00bb0&#8243;]<\/p>\n<p><strong>Su rol en la vida p\u00fablica<\/strong><\/p>\n<p>En 1803, a los diecis\u00e9is a\u00f1os, contrajo matrimonio con Rom\u00e1n Tejada, un capit\u00e1n del Regimiento de Patricios de Salta, con quien tuvo una hija, Eulogia. Su vida marital, inicialmente tranquila, pronto se vio atravesada por las tensiones de los tiempos revolucionarios. Cuando su esposo fue castigado y enviado a Famatina, en La Rioja, debido a una disputa con un compa\u00f1ero, Macacha intercedi\u00f3 con una valent\u00eda poco habitual, logrando su retorno a Salta. Este episodio fue el preludio de una vida marcada por su capacidad de negociaci\u00f3n y liderazgo.<\/p>\n<p>La Revoluci\u00f3n de Mayo de 1810 encendi\u00f3 en Macacha un fervor independentista que compart\u00eda con su hermano Mart\u00edn. Juntos se convirtieron en un baluarte de la resistencia en el norte argentino frente a las fuerzas realistas. Fue fundamental en la organizaci\u00f3n del ej\u00e9rcito gaucho conocido como \u00abLos Infernales\u00bb, transformando su hogar en un centro de operaciones donde se confeccionaban uniformes y se planeaban estrategias.<\/p>\n<p><strong>Espionaje y liderazgo en la Guerra Gaucha<\/strong><\/p>\n<p>Macacha asumi\u00f3 peligrosas tareas de espionaje, vali\u00e9ndose de su ingenio para burlar a las fuerzas realistas. Ocultaba mensajes en las costuras de su ropa, en troncos de \u00e1rboles o incluso viajaba a caballo al campamento de su hermano para entregar informaci\u00f3n crucial, aun estando embarazada. Su participaci\u00f3n activa en la lucha, muchas veces en primera l\u00ednea, rompi\u00f3 con los estereotipos de g\u00e9nero de la \u00e9poca.<\/p>\n<p>Uno de los episodios m\u00e1s significativos de su vida fue su mediaci\u00f3n en el Pacto de los Cerrillos en 1816. Cuando el general Jos\u00e9 Rondeau, Director Supremo de las Provincias Unidas, acus\u00f3 a su hermano Mart\u00edn de traici\u00f3n y busc\u00f3 intervenir militarmente en Salta, Macacha actu\u00f3 como negociadora. Gracias a su diplomacia, logr\u00f3 un acuerdo que no solo evit\u00f3 el enfrentamiento armado, sino que permiti\u00f3 la continuidad del ej\u00e9rcito\u00a0 gaucho bajo el liderazgo de Mart\u00edn.<\/p>\n<p><strong>El ocaso y la Revoluci\u00f3n de las Mujeres<\/strong><\/p>\n<p>Tras la muerte de su hermano en 1821, a causa de una emboscada realista, Macacha se enfrent\u00f3 a una \u00e9lite salte\u00f1a que desconfiaba del gobierno gauchesco. Fue encarcelada junto a su madre y otras mujeres afines al partido Patria Vieja, lo que desencaden\u00f3 la hist\u00f3rica Revoluci\u00f3n de las Mujeres. Este alzamiento popular, liderado por mujeres y soldados gauchos, logr\u00f3 derrocar al gobernador Jos\u00e9 Antonio Fern\u00e1ndez Cornejo y reinstaurar un gobierno af\u00edn a los ideales de independencia y justicia social.<\/p>\n<p>A pesar de las adversidades, Macacha continu\u00f3 participando en la vida pol\u00edtica, apoyando al Partido Federal y oponi\u00e9ndose a las autoridades unitarias que buscaban perpetuar el control centralista.<\/p>\n<p><strong>Sus \u00faltimos a\u00f1os y legado<\/strong><\/p>\n<p>En sus \u00faltimos a\u00f1os, Macacha se retir\u00f3 de la vida p\u00fablica, dedic\u00e1ndose al cuidado de su nieto, Virgilio Mariano Ted\u00edn, y viviendo con modestia en su ciudad natal. Falleci\u00f3 el 7 de junio de 1866 a los 78 a\u00f1os. Sus restos descansan en el Cementerio de la Santa Cruz de Salta.<\/p>\n<p>Aunque su figura fue olvidada por la historiograf\u00eda tradicional durante gran parte del siglo XIX, el revisionismo hist\u00f3rico rescat\u00f3 su papel como una de las mujeres m\u00e1s destacadas de la Independencia argentina. Es recordada con respeto y cari\u00f1o como la \u00abmadre del pobrer\u00edo\u00bb debido a su cercan\u00eda y empat\u00eda hacia los sectores m\u00e1s humildes.<\/p>\n<p>Hoy, calles, plazas y bulevares llevan su nombre como un homenaje a su valent\u00eda y dedicaci\u00f3n a la causa de la libertad. Entre ellos, el Bulevar Macacha G\u00fcemes en Puerto Madero, Buenos Aires, es un s\u00edmbolo de su legado en la memoria colectiva de nuestro pueblo.<\/p>\n<p>[\/et_pb_text][\/et_pb_column][\/et_pb_row][\/et_pb_section]<\/p>\n","protected":false},"excerpt":{"rendered":"<p>Macacha G\u00fcemes, Mar\u00eda Magdalena D\u00e1masa G\u00fcemes de Tejada Mar\u00eda Magdalena D\u00e1masa G\u00fcemes de Tejada, conocida cari\u00f1osamente como Macacha G\u00fcemes, naci\u00f3 el 11 de diciembre de 1787 en la ciudad de Salta, entonces parte del Virreinato del R\u00edo de la Plata. Fue la sexta de ocho hijos de una familia de abolengo, hija de Gabriel de [&hellip;]<\/p>\n","protected":false},"author":1,"featured_media":0,"parent":0,"menu_order":0,"comment_status":"closed","ping_status":"closed","template":"","meta":{"_et_pb_use_builder":"on","_et_pb_old_content":"","_et_gb_content_width":"","footnotes":""},"class_list":["post-1127","page","type-page","status-publish","hentry"],"_links":{"self":[{"href":"https:\/\/salondelasmujeres.ar\/index.php?rest_route=\/wp\/v2\/pages\/1127","targetHints":{"allow":["GET"]}}],"collection":[{"href":"https:\/\/salondelasmujeres.ar\/index.php?rest_route=\/wp\/v2\/pages"}],"about":[{"href":"https:\/\/salondelasmujeres.ar\/index.php?rest_route=\/wp\/v2\/types\/page"}],"author":[{"embeddable":true,"href":"https:\/\/salondelasmujeres.ar\/index.php?rest_route=\/wp\/v2\/users\/1"}],"replies":[{"embeddable":true,"href":"https:\/\/salondelasmujeres.ar\/index.php?rest_route=%2Fwp%2Fv2%2Fcomments&post=1127"}],"version-history":[{"count":2,"href":"https:\/\/salondelasmujeres.ar\/index.php?rest_route=\/wp\/v2\/pages\/1127\/revisions"}],"predecessor-version":[{"id":1130,"href":"https:\/\/salondelasmujeres.ar\/index.php?rest_route=\/wp\/v2\/pages\/1127\/revisions\/1130"}],"wp:attachment":[{"href":"https:\/\/salondelasmujeres.ar\/index.php?rest_route=%2Fwp%2Fv2%2Fmedia&parent=1127"}],"curies":[{"name":"wp","href":"https:\/\/api.w.org\/{rel}","templated":true}]}}