{"id":1018,"date":"2024-07-15T18:33:07","date_gmt":"2024-07-15T21:33:07","guid":{"rendered":"https:\/\/salondelasmujeres.ar\/?page_id=1018"},"modified":"2024-07-15T19:53:36","modified_gmt":"2024-07-15T22:53:36","slug":"maria-la-grande","status":"publish","type":"page","link":"https:\/\/salondelasmujeres.ar\/?page_id=1018","title":{"rendered":"Maria la Grande"},"content":{"rendered":"<p>[et_pb_section fb_built=\u00bb1&#8243; custom_padding_last_edited=\u00bboff|desktop\u00bb admin_label=\u00bbHeader\u00bb _builder_version=\u00bb4.16&#8243; background_color_gradient_direction=\u00bb188deg\u00bb background_image=\u00bbhttps:\/\/salondelasmujeres.ar\/wp-content\/uploads\/2024\/03\/art-gallery-55.jpg\u00bb background_size=\u00bbinitial\u00bb background_repeat=\u00bbrepeat\u00bb width=\u00bb100%\u00bb custom_padding_tablet=\u00bb5vw||5vw||true\u00bb global_colors_info=\u00bb{}\u00bb][et_pb_row custom_padding_last_edited=\u00bboff|phone\u00bb _builder_version=\u00bb4.26.0&#8243; background_position=\u00bbbottom_center\u00bb custom_padding_tablet=\u00bb17vw||17vw||false\u00bb use_custom_width=\u00bbon\u00bb width_unit=\u00bboff\u00bb custom_width_percent=\u00bb100%\u00bb locked=\u00bboff\u00bb global_colors_info=\u00bb{}\u00bb][et_pb_column type=\u00bb4_4&#8243; _builder_version=\u00bb4.16&#8243; custom_padding=\u00bb|||\u00bb global_colors_info=\u00bb{}\u00bb custom_padding__hover=\u00bb|||\u00bb][et_pb_text _builder_version=\u00bb4.26.0&#8243; text_font=\u00bb||||||||\u00bb header_font=\u00bb||||||||\u00bb header_2_font=\u00bbPrata|500|||||||\u00bb header_2_text_align=\u00bbleft\u00bb header_2_font_size=\u00bb56px\u00bb header_2_line_height=\u00bb1.3em\u00bb header_4_font=\u00bb|700|||||||\u00bb header_4_font_size=\u00bb16px\u00bb header_4_line_height=\u00bb1.2em\u00bb transform_translate_linked=\u00bboff\u00bb max_width=\u00bb700px\u00bb max_width_tablet=\u00bb70%\u00bb max_width_last_edited=\u00bboff|phone\u00bb header_2_font_size_tablet=\u00bb40px\u00bb header_2_font_size_phone=\u00bb26px\u00bb header_2_font_size_last_edited=\u00bbon|desktop\u00bb global_colors_info=\u00bb{}\u00bb]<\/p>\n<h2>Mar\u00eda la Grande<\/h2>\n<h4>Mar\u00eda la Grande, tambi\u00e9n conocida como Mar\u00eda la Vieja o simplemente la Reina, fue una destacada cacique tehuelche a principios del siglo XIX. Naci\u00f3 en 1780 en la Patagonia Argentina y muri\u00f3 a comienzos de 1840 en la Patagonia, Argentina.<\/h4>\n<p>Su influencia se extendi\u00f3 por toda la Patagonia, desde Punta Arenas hasta Carmen de Patagones y el R\u00edo Negro. Fue llamada \u00abla Grande\u00bb por Luis Vernet, en referencia a la zarina rusa Catalina II de Rusia, cuando la conoci\u00f3 en la Pen\u00ednsula Vald\u00e9s en 1823.<br \/>Las primeras referencias sobre Mar\u00eda datan de 1792, cuando el teniente Juan Jos\u00e9 Elizalde desembarc\u00f3 en Santa Cruz y la encontr\u00f3 junto a su padre, el cacique Vicente, y su madre Cogocha, quien oficiaba de traductora. En 1820, James Weddell, cazador de focas, la conoci\u00f3 y la identific\u00f3 como l\u00edder de los tehuelches, destacando su habilidad como oradora y pacificadora.<br \/>El marino Robert Fitz Roy tambi\u00e9n se refiri\u00f3 a Mar\u00eda cuando la trat\u00f3 en 1827, describi\u00e9ndola como una l\u00edder respetada y h\u00e1bil jinetera que hablaba espa\u00f1ol y sab\u00eda relacionarse con los extranjeros. Durante la primera expedici\u00f3n brit\u00e1nica de reconocimiento de las costas patag\u00f3nicas, el capit\u00e1n Phillip Parker King visit\u00f3 su tolder\u00eda en la bah\u00eda San Gregorio, en el estrecho de Magallanes. King describi\u00f3 la importancia econ\u00f3mica de Mar\u00eda, quien intercambiaba bienes con los colonos europeos y dirig\u00eda un grupo de alrededor de 120 guerreros.<\/p>\n<p>[\/et_pb_text][\/et_pb_column][\/et_pb_row][\/et_pb_section][et_pb_section fb_built=\u00bb1&#8243; custom_padding_last_edited=\u00bboff|desktop\u00bb admin_label=\u00bbWork\u00bb _builder_version=\u00bb4.16&#8243; background_color_gradient_direction=\u00bb188deg\u00bb background_image=\u00bbhttps:\/\/salondelasmujeres.ar\/wp-content\/uploads\/2024\/03\/art-gallery-55.jpg\u00bb background_size=\u00bbinitial\u00bb background_repeat=\u00bbrepeat\u00bb width=\u00bb100%\u00bb custom_padding_tablet=\u00bb5vw||5vw||true\u00bb global_colors_info=\u00bb{}\u00bb][et_pb_row custom_padding_last_edited=\u00bboff|phone\u00bb _builder_version=\u00bb4.16&#8243; background_position=\u00bbbottom_center\u00bb custom_padding_tablet=\u00bb17vw||17vw||false\u00bb use_custom_width=\u00bbon\u00bb width_unit=\u00bboff\u00bb custom_width_percent=\u00bb100%\u00bb locked=\u00bboff\u00bb global_colors_info=\u00bb{}\u00bb][et_pb_column type=\u00bb4_4&#8243; _builder_version=\u00bb4.16&#8243; custom_padding=\u00bb|||\u00bb global_colors_info=\u00bb{}\u00bb custom_padding__hover=\u00bb|||\u00bb][et_pb_text _builder_version=\u00bb4.24.2&#8243; text_font=\u00bb||||||||\u00bb header_font=\u00bb||||||||\u00bb header_2_font=\u00bbPrata|500|||||||\u00bb header_2_font_size=\u00bb56px\u00bb header_2_line_height=\u00bb1.3em\u00bb header_3_font=\u00bb|700||on|||||\u00bb header_3_text_color=\u00bbrgba(0,0,0,0.35)\u00bb header_3_font_size=\u00bb12px\u00bb header_3_letter_spacing=\u00bb5px\u00bb header_3_line_height=\u00bb2em\u00bb transform_translate_linked=\u00bboff\u00bb text_orientation=\u00bbcenter\u00bb max_width=\u00bb700px\u00bb max_width_tablet=\u00bb70%\u00bb max_width_last_edited=\u00bboff|phone\u00bb module_alignment=\u00bbcenter\u00bb header_2_font_size_tablet=\u00bb40px\u00bb header_2_font_size_phone=\u00bb26px\u00bb header_2_font_size_last_edited=\u00bbon|phone\u00bb header_3_font_size_phone=\u00bb10px\u00bb header_3_font_size_last_edited=\u00bboff|desktop\u00bb module_alignment_last_edited=\u00bboff|desktop\u00bb text_text_align=\u00bbcenter\u00bb global_colors_info=\u00bb{}\u00bb]<\/p>\n<h3>Un recorrido a trav\u00e9s de<\/h3>\n<h2>Im\u00e1genes y Momentos<\/h2>\n<p>[\/et_pb_text][\/et_pb_column][\/et_pb_row][et_pb_row column_structure=\u00bb1_3,1_3,1_3&#8243; _builder_version=\u00bb4.16&#8243; global_colors_info=\u00bb{}\u00bb][et_pb_column type=\u00bb1_3&#8243; _builder_version=\u00bb4.16&#8243; custom_padding=\u00bb|||\u00bb global_colors_info=\u00bb{}\u00bb custom_padding__hover=\u00bb|||\u00bb][et_pb_image src=\u00bbhttps:\/\/salondelasmujeres.ar\/wp-content\/uploads\/2024\/07\/Maria-la-Grande_03-b.jpg\u00bb title_text=\u00bbMaria la Grande_03 b\u00bb align=\u00bbcenter\u00bb _builder_version=\u00bb4.26.0&#8243; hover_enabled=\u00bb0&#8243; global_colors_info=\u00bb{}\u00bb sticky_enabled=\u00bb0&#8243;][\/et_pb_image][et_pb_text ul_position=\u00bbinside\u00bb _builder_version=\u00bb4.26.0&#8243; text_font=\u00bb||||||||\u00bb ul_font=\u00bb||||||||\u00bb header_font=\u00bb|700|||||||\u00bb header_font_size=\u00bb20px\u00bb header_line_height=\u00bb1.3em\u00bb header_3_font=\u00bb|700|||||||\u00bb header_3_font_size=\u00bb14px\u00bb header_3_line_height=\u00bb1.3em\u00bb text_orientation=\u00bbcenter\u00bb hover_enabled=\u00bb0&#8243; text_text_align=\u00bbcenter\u00bb locked=\u00bboff\u00bb global_colors_info=\u00bb{}\u00bb sticky_enabled=\u00bb0&#8243;]<\/p>\n<h3>Mar\u00eda la Grande.<\/h3>\n<h3>Imagen recreada con Inteligencia Artificial<\/h3>\n<p>Uno de los aspectos m\u00e1s destacados de su vida es que lleg\u00f3 a las Islas Malvinas en 1831 para acordar con Vernet el intercambio entre las Islas y el continente, siendo una de las primeras mujeres en pisar las Islas Malvinas.<\/p>\n<p>[\/et_pb_text][\/et_pb_column][et_pb_column type=\u00bb1_3&#8243; _builder_version=\u00bb4.16&#8243; custom_padding=\u00bb|||\u00bb global_colors_info=\u00bb{}\u00bb custom_padding__hover=\u00bb|||\u00bb][et_pb_image src=\u00bbhttps:\/\/salondelasmujeres.ar\/wp-content\/uploads\/2024\/07\/Maria-la-Grande_02.jpg\u00bb title_text=\u00bbMatilde Malvina Vernet_04&#8243; align=\u00bbcenter\u00bb _builder_version=\u00bb4.26.0&#8243; hover_enabled=\u00bb0&#8243; global_colors_info=\u00bb{}\u00bb sticky_enabled=\u00bb0&#8243;][\/et_pb_image][et_pb_text ul_position=\u00bbinside\u00bb _builder_version=\u00bb4.26.0&#8243; text_font=\u00bb||||||||\u00bb ul_font=\u00bb||||||||\u00bb header_font=\u00bb|700|||||||\u00bb header_font_size=\u00bb20px\u00bb header_line_height=\u00bb1.3em\u00bb header_3_font=\u00bb|700|||||||\u00bb header_3_font_size=\u00bb14px\u00bb header_3_line_height=\u00bb1.3em\u00bb text_orientation=\u00bbcenter\u00bb hover_enabled=\u00bb0&#8243; text_text_align=\u00bbcenter\u00bb locked=\u00bboff\u00bb global_colors_info=\u00bb{}\u00bb sticky_enabled=\u00bb0&#8243;]<\/p>\n<h3>Kau. Los toldos tehuelches<\/h3>\n<p>Por ser un pueblo n\u00f3made, las viviendas de los <em>a\u00f3nikenk<\/em> o tehuelches eran toldos livianos, cubiertos pieles f\u00e1ciles de armar y desarmar, a los cuales llamaban <em>Kau<\/em>. La entrada era abierta y se proteg\u00eda del viento con un trozo de piel a modo de puerta.<\/p>\n<p>[\/et_pb_text][\/et_pb_column][et_pb_column type=\u00bb1_3&#8243; _builder_version=\u00bb4.16&#8243; custom_padding=\u00bb|||\u00bb global_colors_info=\u00bb{}\u00bb custom_padding__hover=\u00bb|||\u00bb][et_pb_image src=\u00bbhttps:\/\/salondelasmujeres.ar\/wp-content\/uploads\/2024\/07\/Maria-la-Grande_04.jpg\u00bb title_text=\u00bbMatilde Malvina Vernet_01&#8243; align=\u00bbcenter\u00bb _builder_version=\u00bb4.26.0&#8243; hover_enabled=\u00bb0&#8243; global_colors_info=\u00bb{}\u00bb sticky_enabled=\u00bb0&#8243;][\/et_pb_image][et_pb_text ul_position=\u00bbinside\u00bb _builder_version=\u00bb4.26.0&#8243; text_font=\u00bb||||||||\u00bb ul_font=\u00bb||||||||\u00bb header_font=\u00bb|700|||||||\u00bb header_font_size=\u00bb20px\u00bb header_line_height=\u00bb1.3em\u00bb header_3_font=\u00bb|700|||||||\u00bb header_3_font_size=\u00bb14px\u00bb header_3_line_height=\u00bb1.3em\u00bb text_orientation=\u00bbcenter\u00bb hover_enabled=\u00bb0&#8243; text_text_align=\u00bbcenter\u00bb locked=\u00bboff\u00bb global_colors_info=\u00bb{}\u00bb sticky_enabled=\u00bb0&#8243;]<\/p>\n<h3>Pintura al \u00f3leo de Luisa Vernet de Puerto Soledad en 1829<\/h3>\n<p>En 1829, Luis Vernet, Gobernador de Malvinas, invit\u00f3 a Mar\u00eda la Grande a visitar Puerto Luis para crear una factor\u00eda en Bah\u00eda San Gregorio bajo su protecci\u00f3n. Durante su visita, comparti\u00f3 la mesa con ellos y cant\u00f3 en una de las veladas musicales organizadas por Mar\u00eda S\u00e1ez de Vernet.<\/p>\n<p>[\/et_pb_text][\/et_pb_column][\/et_pb_row][\/et_pb_section][et_pb_section fb_built=\u00bb1&#8243; admin_label=\u00bbResume\u00bb _builder_version=\u00bb4.16&#8243; background_image=\u00bbhttps:\/\/salondelasmujeres.ar\/wp-content\/uploads\/2024\/03\/art-gallery-55.jpg\u00bb background_size=\u00bbinitial\u00bb background_repeat=\u00bbrepeat\u00bb global_colors_info=\u00bb{}\u00bb][et_pb_row custom_padding_last_edited=\u00bboff|phone\u00bb _builder_version=\u00bb4.16&#8243; background_position=\u00bbbottom_center\u00bb custom_padding_tablet=\u00bb17vw||17vw||false\u00bb use_custom_width=\u00bbon\u00bb width_unit=\u00bboff\u00bb custom_width_percent=\u00bb100%\u00bb locked=\u00bboff\u00bb global_colors_info=\u00bb{}\u00bb][et_pb_column type=\u00bb4_4&#8243; _builder_version=\u00bb4.16&#8243; custom_padding=\u00bb|||\u00bb global_colors_info=\u00bb{}\u00bb custom_padding__hover=\u00bb|||\u00bb][et_pb_text _builder_version=\u00bb4.24.2&#8243; text_font=\u00bb||||||||\u00bb header_font=\u00bb||||||||\u00bb header_2_font=\u00bbPrata|500|||||||\u00bb header_2_font_size=\u00bb56px\u00bb header_2_line_height=\u00bb1.3em\u00bb header_3_font=\u00bb|700||on|||||\u00bb header_3_text_color=\u00bbrgba(0,0,0,0.35)\u00bb header_3_font_size=\u00bb12px\u00bb header_3_letter_spacing=\u00bb5px\u00bb header_3_line_height=\u00bb2em\u00bb transform_translate_linked=\u00bboff\u00bb max_width=\u00bb700px\u00bb max_width_tablet=\u00bb70%\u00bb max_width_last_edited=\u00bboff|phone\u00bb module_alignment=\u00bbleft\u00bb header_2_font_size_tablet=\u00bb40px\u00bb header_2_font_size_phone=\u00bb26px\u00bb header_2_font_size_last_edited=\u00bbon|phone\u00bb header_3_font_size_phone=\u00bb10px\u00bb header_3_font_size_last_edited=\u00bboff|desktop\u00bb module_alignment_last_edited=\u00bboff|desktop\u00bb global_colors_info=\u00bb{}\u00bb]<\/p>\n<h3>Biograf\u00eda<\/h3>\n<p>[\/et_pb_text][\/et_pb_column][\/et_pb_row][et_pb_row _builder_version=\u00bb4.16&#8243; global_colors_info=\u00bb{}\u00bb][et_pb_column type=\u00bb4_4&#8243; _builder_version=\u00bb4.16&#8243; custom_padding=\u00bb|||\u00bb global_colors_info=\u00bb{}\u00bb custom_padding__hover=\u00bb|||\u00bb][et_pb_text ul_position=\u00bbinside\u00bb _builder_version=\u00bb4.26.0&#8243; text_font=\u00bb||||||||\u00bb ul_font=\u00bb||||||||\u00bb header_font=\u00bb|700|||||||\u00bb header_font_size=\u00bb20px\u00bb header_line_height=\u00bb1.3em\u00bb header_3_font=\u00bb|700|||||||\u00bb header_3_font_size=\u00bb14px\u00bb header_3_line_height=\u00bb1.3em\u00bb header_4_font=\u00bb|700|||||||\u00bb header_4_font_size=\u00bb14px\u00bb header_4_line_height=\u00bb1.3em\u00bb hover_enabled=\u00bb0&#8243; locked=\u00bboff\u00bb global_colors_info=\u00bb{}\u00bb sticky_enabled=\u00bb0&#8243;]<\/p>\n<p>Mar\u00eda la Grande, Mar\u00eda la Vieja o simplemente la \u00abReina\u00bb fue una cacique tehuelche a comienzos del siglo XIX. Su poder abarc\u00f3 pr\u00e1cticamente toda la Patagonia, desde Punta Arenas hasta el Carmen de Patagones y el R\u00edo Negro. Fue llamada \u00abla Grande\u00bb por Luis Vernet en alusi\u00f3n a la zarina rusa Catalina II de Rusia, cuando la conoci\u00f3 en Pen\u00ednsula Vald\u00e9s en 1823. Naci\u00f3 en el a\u00f1o 1780, Patagonia (Argentina) y falleci\u00f3 a principio de 1840, Patagonia (Argentina).<\/p>\n<p><strong>Vida<\/strong><br \/>Las primeras referencias de Mar\u00eda datan de 1792 cuando el teniente Juan Jos\u00e9 Elizalde desembarc\u00f3 en Santa Cruz encontr\u00e1ndose con el cacique tehuelche Vicente, su mujer Cogocha que oficiaba de traductora, y su hija a quien llamaron Mariquita.<\/p>\n<p>En 1820, James Weddell conoci\u00f3 a Mar\u00eda mientras viajaba cazando focas. Crey\u00f3 que Mar\u00eda era mestiza y asegur\u00f3 que era una gran oradora que apaciguaba los \u00e1nimos de sus guerreros, identific\u00e1ndola como l\u00edder de los tehuelches.<\/p>\n<p>El marino Robert Fitz Roy tambi\u00e9n se refiri\u00f3 a ella en 1827 cuando ten\u00eda unos cuarenta a\u00f1os. En esa oportunidad, Mar\u00eda estaba acompa\u00f1ada por su esposo, un tehuelche muy alto, y cinco de sus hijos. Mar\u00eda era la \u00fanica que hablaba espa\u00f1ol y sab\u00eda relacionarse con los extranjeros. Era una excelente jinete y usaba aros de medallas de la Virgen Mar\u00eda y prendedores que le sujetaban la manta sobre el pecho.<\/p>\n<p><strong>Expediciones<\/strong><\/p>\n<p>En 1827, durante la primera expedici\u00f3n brit\u00e1nica de reconocimiento de las costas patag\u00f3nicas, el capit\u00e1n del barco Adventure, Phillip Parker King, conoci\u00f3 a Mar\u00eda y visit\u00f3 su tolder\u00eda en la bah\u00eda San Gregorio, en el estrecho de Magallanes. Mar\u00eda demostraba un gran poder econ\u00f3mico, intercambiando bienes con los colonos europeos. King describi\u00f3 el lugar con detalles, se\u00f1alando que alrededor de quince toldos rodeaban al de Mar\u00eda, ubicado en el centro. Unos 120 guerreros le respond\u00edan.<\/p>\n<p>Mar\u00eda ten\u00eda muchos refugiados en sus tolder\u00edas, incluyendo desertores de buques loberos o pr\u00f3fugos de la justicia. William Arms y Tutis Coan, misioneros estadounidenses, destacaron su generosidad en 1833. En 1843, el capit\u00e1n Blanchard del buque lobero franc\u00e9s Le Fleurs tambi\u00e9n la describi\u00f3 como vieja y con autoridad.<\/p>\n<p>Fitz Roy, en una segunda expedici\u00f3n, presenci\u00f3 una ceremonia religiosa oficiada por Mar\u00eda, donde realizaba un sincretismo entre ritos nativos y cristianos, usando una figura de madera que llamaba \u201csu Cristo\u201d. Este sincretismo le vali\u00f3 el nombre de \u201cSanta Mar\u00eda\u201d que le dio Charles Darwin.<\/p>\n<p><strong>Visita a las Islas Malvinas<\/strong><\/p>\n<p>Uno de los aspectos m\u00e1s destacados de su vida es que lleg\u00f3 a las Islas Malvinas en 1831 para acordar con Vernet el intercambio entre las Islas y el continente, siendo una de las primeras mujeres en pisar las Islas Malvinas. M\u00e1s tarde, en 1829, siendo Luis Vernet Gobernador de Malvinas, la invit\u00f3 a visitar Puerto Luis para concretar la creaci\u00f3n de una factor\u00eda en la Bah\u00eda San Gregorio bajo su protecci\u00f3n.<\/p>\n<p>Durante su liderazgo, no hubo guerras tribales en la regi\u00f3n y ninguna tribu tomaba decisiones importantes sin consultarla. Al morir, en toda la Patagonia se encendieron hogueras en su honor durante tres d\u00edas, y todas sus pertenencias fueron quemadas. Se calcula que ten\u00eda alrededor de cincuenta y tres a\u00f1os.<\/p>\n<p><strong>Descendencia<\/strong><\/p>\n<p>Mar\u00eda tuvo una nieta, tambi\u00e9n llamada Mar\u00eda, quien mantuvo la influencia sobre su gente y colabor\u00f3 con figuras como Luis Piedra Buena y el Perito Moreno. Esta a su vez tuvo una hija, igualmente llamada Mar\u00eda, quien tuvo hijos con Carlos Moyano, el primer gobernador de Santa Cruz.<\/p>\n<p>La historia de Mar\u00eda la Grande aporta una visi\u00f3n profunda del poder de las jefaturas nativas y los cambios surgidos a partir del contacto con los grupos coloniales.<\/p>\n<p>[\/et_pb_text][\/et_pb_column][\/et_pb_row][\/et_pb_section]<\/p>\n","protected":false},"excerpt":{"rendered":"<p>Mar\u00eda la Grande Mar\u00eda la Grande, tambi\u00e9n conocida como Mar\u00eda la Vieja o simplemente la Reina, fue una destacada cacique tehuelche a principios del siglo XIX. Naci\u00f3 en 1780 en la Patagonia Argentina y muri\u00f3 a comienzos de 1840 en la Patagonia, Argentina. Su influencia se extendi\u00f3 por toda la Patagonia, desde Punta Arenas hasta [&hellip;]<\/p>\n","protected":false},"author":1,"featured_media":0,"parent":0,"menu_order":0,"comment_status":"closed","ping_status":"closed","template":"","meta":{"_et_pb_use_builder":"on","_et_pb_old_content":"","_et_gb_content_width":"","footnotes":""},"class_list":["post-1018","page","type-page","status-publish","hentry"],"_links":{"self":[{"href":"https:\/\/salondelasmujeres.ar\/index.php?rest_route=\/wp\/v2\/pages\/1018","targetHints":{"allow":["GET"]}}],"collection":[{"href":"https:\/\/salondelasmujeres.ar\/index.php?rest_route=\/wp\/v2\/pages"}],"about":[{"href":"https:\/\/salondelasmujeres.ar\/index.php?rest_route=\/wp\/v2\/types\/page"}],"author":[{"embeddable":true,"href":"https:\/\/salondelasmujeres.ar\/index.php?rest_route=\/wp\/v2\/users\/1"}],"replies":[{"embeddable":true,"href":"https:\/\/salondelasmujeres.ar\/index.php?rest_route=%2Fwp%2Fv2%2Fcomments&post=1018"}],"version-history":[{"count":6,"href":"https:\/\/salondelasmujeres.ar\/index.php?rest_route=\/wp\/v2\/pages\/1018\/revisions"}],"predecessor-version":[{"id":1035,"href":"https:\/\/salondelasmujeres.ar\/index.php?rest_route=\/wp\/v2\/pages\/1018\/revisions\/1035"}],"wp:attachment":[{"href":"https:\/\/salondelasmujeres.ar\/index.php?rest_route=%2Fwp%2Fv2%2Fmedia&parent=1018"}],"curies":[{"name":"wp","href":"https:\/\/api.w.org\/{rel}","templated":true}]}}